{"id":10004154,"date":"2024-08-28T11:50:14","date_gmt":"2024-08-28T18:50:14","guid":{"rendered":"https:\/\/thereser.org\/event\/proyecto-origenes-de-oregon-vi-el-nacimiento-de-cascadia\/"},"modified":"2025-01-28T12:14:41","modified_gmt":"2025-01-28T20:14:41","slug":"proyecto-origenes-de-oregon-vi-el-nacimiento-de-cascadia","status":"publish","type":"tribe_events","link":"https:\/\/thereser.org\/es\/event\/proyecto-origenes-de-oregon-vi-el-nacimiento-de-cascadia\/2025-06-22\/","title":{"rendered":"Proyecto Or\u00edgenes de Oreg\u00f3n VI: El nacimiento de Cascadia"},"content":{"rendered":"<p>Los precios de los boletos son <span class=\"tn-syos-legend__zone-price-range-min-price\">de $ 14.50 &#8211; <\/span><span class=\"tn-syos-legend__zone-price-range-max-price\">$ 54.50 o pague<\/span>lo que desee con una donaci\u00f3n m\u00ednima sugerida de $ 10. Oregon Origins Project, en asociaci\u00f3n con Stelo, presenta una nueva obra \u00e9pica de arte musical y visual que representa los dram\u00e1ticos eventos de la historia geol\u00f3gica de Oreg\u00f3n. \u00danase a nosotros para una exploraci\u00f3n art\u00edstica de las historias de origen geol\u00f3gico del estado, incluidos los flujos de basalto del r\u00edo Columbia, los terremotos de la cuenca y la cordillera, los volcanes Cascade, las inundaciones de Missoula y mucho m\u00e1s. Matthew Packwood, compositor<br \/>\nKen Selden, director de orquesta<br \/>\nIan Madin, ge\u00f3logo<\/p>\n<p>Artistas visuales:<br \/>\nMichael Boonstra<br \/>\nChristine Bourdette<br \/>\nClaire Burbridge<br \/>\nJuniper Harrower<br \/>\nJames Lavadour<br \/>\nDaniela Naomi Molnar<br \/>\nsidony o&#8217;neal<br \/>\nSara Siestreem<br \/>\nAmanda Triplett<br \/>\nLeah Wilson No te pierdas la exposici\u00f3n de arte complementaria Oregon Origins Project VI: The Birth of Cascadia en <a href=\"\" target=\"\" rel=\"\">Stelo<\/a>, 412 NW 8th Ave en Portland, que se podr\u00e1 ver del 4 de junio al 12 de julio de 2025. Oregon Origins Project es una iniciativa innovadora de arte y cultura que explora los antiguos or\u00edgenes del estado de Oreg\u00f3n a trav\u00e9s de la expresi\u00f3n creativa. El proyecto proporciona una plataforma para que los artistas ind\u00edgenas y los portadores de la cultura compartan sus tradiciones vivas y su trabajo art\u00edstico, y una oportunidad para que los artistas de todas las disciplinas creen nuevas obras inspiradas en los or\u00edgenes del estado. Obtenga m\u00e1s informaci\u00f3n en el <a href=\"\" target=\"\" rel=\"\">sitio web del Proyecto Or\u00edgenes de Oreg\u00f3n<\/a>. Oregon Origins Project VI: The Birth of Cascadia se presenta en asociaci\u00f3n con Stelo y generosamente apoyado por el Fondo Ronni S. Lacroute de la Fundaci\u00f3n Comunitaria de Oregon, la Galer\u00eda de Arte Douglas F. Cooley Memorial, el Programa de Maestr\u00eda en Estudios Liberales de Reed College, la Coalici\u00f3n Cultural del Condado de Washington y el Fideicomiso Cultural de Oreg\u00f3n. Apoyo adicional proporcionado por el Consejo de Greater Hells Canyon, Singing Springs Resort y la Coalici\u00f3n Cultural y Patrimonial del Condado de Wheeler.<\/p>\n<p>James Lavadour, Punto de fuga, 2019 [detail]; Pavatuhaag (Quebrada de Leslie)<\/p>\n<p>Consigue tus entradas aqu\u00ed:<br \/>\n<a href=\"https:\/\/secure.thereser.org\/1266\/1267\">21 de junio de 2025 a las 19:30<\/a><br \/>\n<a href=\"https:\/\/secure.thereser.org\/1266\/1268\">22 de junio de 2025 a las 14 horas<\/a><\/p>\n","protected":false},"excerpt":{"rendered":"<p>Los precios de los boletos son de $ 14.50 &#8211; $ 54.50 o paguelo que desee con una donaci\u00f3n m\u00ednima sugerida de $ 10. Oregon Origins Project, en asociaci\u00f3n con&#8230;<\/p>\n","protected":false},"author":8,"featured_media":16354,"template":"","meta":{"_acf_changed":false,"_monsterinsights_skip_tracking":false,"_monsterinsights_sitenote_active":false,"_monsterinsights_sitenote_note":"","_monsterinsights_sitenote_category":0,"_tribe_events_status":"","_tribe_events_status_reason":"","_tribe_events_is_hybrid":"","_tribe_events_is_virtual":"","_tribe_events_virtual_video_source":"","_tribe_events_virtual_embed_video":"","_tribe_events_virtual_linked_button_text":"","_tribe_events_virtual_linked_button":"","_tribe_events_virtual_show_embed_at":"","_tribe_events_virtual_show_embed_to":[],"_tribe_events_virtual_show_on_event":"","_tribe_events_virtual_show_on_views":"","_tribe_events_virtual_url":"","footnotes":"","_wp_rev_ctl_limit":""},"tags":[148,77,166,172,132,147,185],"tribe_events_cat":[109,76,139],"class_list":["post-10004154","tribe_events","type-tribe_events","status-publish","has-post-thumbnail","hentry","tag-ciencia","tag-clasico","tag-concierto","tag-contemporaneo","tag-musica-nueva","tag-orador","tag-orquesta","tribe_events_cat-artes-visuales","tribe_events_cat-concierto","tribe_events_cat-conferencia","cat_artes-visuales","cat_concierto","cat_conferencia","tribe-recurring-event","tribe-recurring-event-parent"],"acf":[],"_links":{"self":[{"href":"https:\/\/thereser.org\/es\/wp-json\/wp\/v2\/tribe_events\/10004154","targetHints":{"allow":["GET"]}}],"collection":[{"href":"https:\/\/thereser.org\/es\/wp-json\/wp\/v2\/tribe_events"}],"about":[{"href":"https:\/\/thereser.org\/es\/wp-json\/wp\/v2\/types\/tribe_events"}],"author":[{"embeddable":true,"href":"https:\/\/thereser.org\/es\/wp-json\/wp\/v2\/users\/8"}],"version-history":[{"count":0,"href":"https:\/\/thereser.org\/es\/wp-json\/wp\/v2\/tribe_events\/10004154\/revisions"}],"wp:featuredmedia":[{"embeddable":true,"href":"https:\/\/thereser.org\/es\/wp-json\/wp\/v2\/media\/16354"}],"wp:attachment":[{"href":"https:\/\/thereser.org\/es\/wp-json\/wp\/v2\/media?parent=10004154"}],"wp:term":[{"taxonomy":"post_tag","embeddable":true,"href":"https:\/\/thereser.org\/es\/wp-json\/wp\/v2\/tags?post=10004154"},{"taxonomy":"tribe_events_cat","embeddable":true,"href":"https:\/\/thereser.org\/es\/wp-json\/wp\/v2\/tribe_events_cat?post=10004154"}],"curies":[{"name":"wp","href":"https:\/\/api.w.org\/{rel}","templated":true}]}}

Proyecto Orígenes de Oregón VI: El nacimiento de Cascadia

<p>Los precios de los boletos son <span class="tn-syos-legend__zone-price-range-min-price">de $ 14.50 &#8211; </span><span class="tn-syos-legend__zone-price-range-max-price">$ 54.50 o pague</span>lo que desee con una donación mínima sugerida de $ 10. Oregon Origins Project, en asociación con Stelo, presenta una nueva obra épica de arte musical y visual que representa los dramáticos eventos de la historia geológica de Oregón. Únase a nosotros para una exploración artística de las historias de origen geológico del estado, incluidos los flujos de basalto del río Columbia, los terremotos de la cuenca y la cordillera, los volcanes Cascade, las inundaciones de Missoula y mucho más. Matthew Packwood, compositor<br />
Ken Selden, director de orquesta<br />
Ian Madin, geólogo</p>
<p>Artistas visuales:<br />
Michael Boonstra<br />
Christine Bourdette<br />
Claire Burbridge<br />
Juniper Harrower<br />
James Lavadour<br />
Daniela Naomi Molnar<br />
sidony o&#8217;neal<br />
Sara Siestreem<br />
Amanda Triplett<br />
Leah Wilson No te pierdas la exposición de arte complementaria Oregon Origins Project VI: The Birth of Cascadia en <a href="" target="" rel="">Stelo</a>, 412 NW 8th Ave en Portland, que se podrá ver del 4 de junio al 12 de julio de 2025. Oregon Origins Project es una iniciativa innovadora de arte y cultura que explora los antiguos orígenes del estado de Oregón a través de la expresión creativa. El proyecto proporciona una plataforma para que los artistas indígenas y los portadores de la cultura compartan sus tradiciones vivas y su trabajo artístico, y una oportunidad para que los artistas de todas las disciplinas creen nuevas obras inspiradas en los orígenes del estado. Obtenga más información en el <a href="" target="" rel="">sitio web del Proyecto Orígenes de Oregón</a>. Oregon Origins Project VI: The Birth of Cascadia se presenta en asociación con Stelo y generosamente apoyado por el Fondo Ronni S. Lacroute de la Fundación Comunitaria de Oregon, la Galería de Arte Douglas F. Cooley Memorial, el Programa de Maestría en Estudios Liberales de Reed College, la Coalición Cultural del Condado de Washington y el Fideicomiso Cultural de Oregón. Apoyo adicional proporcionado por el Consejo de Greater Hells Canyon, Singing Springs Resort y la Coalición Cultural y Patrimonial del Condado de Wheeler.</p>
<p>James Lavadour, Punto de fuga, 2019 [detail]; Pavatuhaag (Quebrada de Leslie)</p>
<p>Consigue tus entradas aquí:<br />
<a href="https://secure.thereser.org/1266/1267">21 de junio de 2025 a las 19:30</a><br />
<a href="https://secure.thereser.org/1266/1268">22 de junio de 2025 a las 14 horas</a></p>

<p>Los precios de los boletos son de $ 14.50 &#8211; $ 54.50 o paguelo que desee con una donación mínima sugerida de $ 10. Oregon Origins Project, en asociación con&#8230;</p>
