{"id":11780,"date":"2023-08-04T12:18:21","date_gmt":"2023-08-04T19:18:21","guid":{"rendered":"https:\/\/thereser.org\/event\/michelle-cann\/"},"modified":"2025-03-11T11:28:51","modified_gmt":"2025-03-11T18:28:51","slug":"michelle-cann","status":"publish","type":"tribe_events","link":"https:\/\/thereser.org\/es\/event\/michelle-cann\/","title":{"rendered":"MICHELLE CANN"},"content":{"rendered":"<p>Una &#8220;pianista de excelente arte&#8221; (<em>Gramophone<\/em>) capaz de &#8220;transmitir en cada nota una sorprendente calma y belleza&#8221; (<em>Ear Relevant<\/em>), la ganadora del premio Grammy Michelle Cann hace su debut en el PPI con un programa que explora el Renacimiento Negro de Chicago, un prol\u00edfico per\u00edodo de experimentaci\u00f3n art\u00edstica y construcci\u00f3n comunitaria que floreci\u00f3 en el lado sur de la ciudad durante la Gran Migraci\u00f3n.<\/p>\n<p>Centr\u00e1ndose en seis de las compositoras del movimiento, Cann explora c\u00f3mo cada una de estas artistas fusion\u00f3 el romanticismo de Brahms, Liszt y los Schumann con elementos de los lenguajes musicales negros -incluidos el jazz, el blues urbano, el gospel y los espirituales- para forjar mundos musicales convincentes impregnados de tradici\u00f3n europea pero de car\u00e1cter esencialmente estadounidense.<\/p>\n<p class=\"\">FLORENCE PRICE <em>Fantasie n\u00e8gre<\/em> Nos. 1, 2, 4<\/p>\n<p class=\"\">MARGARET BONDS <em>Suite espiritual<\/em><\/p>\n<p class=\"\">BETTY JACKSON KING <em>Cuatro sketches<\/em> de temporada<\/p>\n<p class=\"\">IRENE BRITTON SMITH <em>Variaciones sobre un tema de MacDowell<\/em><\/p>\n<p class=\"\">NORA HOLT <em>Negro Dance<\/em>, op. 25, n\u00ba 1<\/p>\n<p class=\"\">HAZEL SCOTT Improvisaci\u00f3n sobre el Preludio en do sostenido menor de Rachmaninoff; Improvisaci\u00f3n sobre la <em>Rapsodia h\u00fangara n\u00ba 2<\/em> de Liszt<\/p>\n","protected":false},"excerpt":{"rendered":"<p>Una &#8220;pianista de excelente arte&#8221; (Gramophone) capaz de &#8220;transmitir en cada nota una sorprendente calma y belleza&#8221; (Ear Relevant), la ganadora del premio Grammy Michelle Cann hace su debut en&#8230;<\/p>\n","protected":false},"author":3,"featured_media":11374,"template":"","meta":{"_acf_changed":false,"_monsterinsights_skip_tracking":false,"_monsterinsights_sitenote_active":false,"_monsterinsights_sitenote_note":"","_monsterinsights_sitenote_category":0,"_tribe_events_status":"","_tribe_events_status_reason":"","_tribe_events_is_hybrid":"","_tribe_events_is_virtual":"","_tribe_events_virtual_video_source":"","_tribe_events_virtual_embed_video":"","_tribe_events_virtual_linked_button_text":"","_tribe_events_virtual_linked_button":"","_tribe_events_virtual_show_embed_at":"","_tribe_events_virtual_show_embed_to":[],"_tribe_events_virtual_show_on_event":"","_tribe_events_virtual_show_on_views":"","_tribe_events_virtual_url":"","footnotes":"","_wp_rev_ctl_limit":""},"tags":[],"tribe_events_cat":[],"class_list":["post-11780","tribe_events","type-tribe_events","status-publish","has-post-thumbnail","hentry"],"acf":[],"_links":{"self":[{"href":"https:\/\/thereser.org\/es\/wp-json\/wp\/v2\/tribe_events\/11780","targetHints":{"allow":["GET"]}}],"collection":[{"href":"https:\/\/thereser.org\/es\/wp-json\/wp\/v2\/tribe_events"}],"about":[{"href":"https:\/\/thereser.org\/es\/wp-json\/wp\/v2\/types\/tribe_events"}],"author":[{"embeddable":true,"href":"https:\/\/thereser.org\/es\/wp-json\/wp\/v2\/users\/3"}],"version-history":[{"count":0,"href":"https:\/\/thereser.org\/es\/wp-json\/wp\/v2\/tribe_events\/11780\/revisions"}],"wp:featuredmedia":[{"embeddable":true,"href":"https:\/\/thereser.org\/es\/wp-json\/wp\/v2\/media\/11374"}],"wp:attachment":[{"href":"https:\/\/thereser.org\/es\/wp-json\/wp\/v2\/media?parent=11780"}],"wp:term":[{"taxonomy":"post_tag","embeddable":true,"href":"https:\/\/thereser.org\/es\/wp-json\/wp\/v2\/tags?post=11780"},{"taxonomy":"tribe_events_cat","embeddable":true,"href":"https:\/\/thereser.org\/es\/wp-json\/wp\/v2\/tribe_events_cat?post=11780"}],"curies":[{"name":"wp","href":"https:\/\/api.w.org\/{rel}","templated":true}]}}

<p>Una &#8220;pianista de excelente arte&#8221; (<em>Gramophone</em>) capaz de &#8220;transmitir en cada nota una sorprendente calma y belleza&#8221; (<em>Ear Relevant</em>), la ganadora del premio Grammy Michelle Cann hace su debut en el PPI con un programa que explora el Renacimiento Negro de Chicago, un prolífico período de experimentación artística y construcción comunitaria que floreció en el lado sur de la ciudad durante la Gran Migración.</p>
<p>Centrándose en seis de las compositoras del movimiento, Cann explora cómo cada una de estas artistas fusionó el romanticismo de Brahms, Liszt y los Schumann con elementos de los lenguajes musicales negros -incluidos el jazz, el blues urbano, el gospel y los espirituales- para forjar mundos musicales convincentes impregnados de tradición europea pero de carácter esencialmente estadounidense.</p>
<p class="">FLORENCE PRICE <em>Fantasie nègre</em> Nos. 1, 2, 4</p>
<p class="">MARGARET BONDS <em>Suite espiritual</em></p>
<p class="">BETTY JACKSON KING <em>Cuatro sketches</em> de temporada</p>
<p class="">IRENE BRITTON SMITH <em>Variaciones sobre un tema de MacDowell</em></p>
<p class="">NORA HOLT <em>Negro Dance</em>, op. 25, nº 1</p>
<p class="">HAZEL SCOTT Improvisación sobre el Preludio en do sostenido menor de Rachmaninoff; Improvisación sobre la <em>Rapsodia húngara nº 2</em> de Liszt</p>
