{"id":12203,"date":"2023-07-26T19:30:32","date_gmt":"2023-07-27T02:30:32","guid":{"rendered":"https:\/\/thereser.org\/event\/primer-viernes-recepcion-inaugural\/"},"modified":"2025-03-11T11:27:23","modified_gmt":"2025-03-11T18:27:23","slug":"primer-viernes-recepcion-inaugural","status":"publish","type":"tribe_events","link":"https:\/\/thereser.org\/es\/event\/primer-viernes-recepcion-inaugural\/","title":{"rendered":"Primer viernes: Recepci\u00f3n inaugural"},"content":{"rendered":"<p>Primer viernes: Recepci\u00f3n inaugural<\/p>\n<p>Recepci\u00f3n de apertura: Karl LeClair y Miroslav Lovric<br \/>\n04 de agosto | 18 h \u2013 21 h<\/p>\n<p>Los recuerdos son fragmentos de momentos procesados y almacenados para su posterior recuerdo y exploraci\u00f3n. Los artistas Karl LeClair y Miroslav Lovric extraen momentos del pasado, as\u00ed como elementos de sus sue\u00f1os, para crear obras imaginativas y bellas que ilustran, a veces, las fuerzas que est\u00e1n m\u00e1s all\u00e1 de nuestra percepci\u00f3n. \u00danase a The Reser para celebrar sus nuevas exposiciones en la recepci\u00f3n inaugural del Primer Viernes y explorar m\u00e1s de su obra.<\/p>\n<p>Foto: <em>Omisiones n\u00ba 2<\/em> de Karl LeClair<\/p>\n","protected":false},"excerpt":{"rendered":"<p>Primer viernes: Recepci\u00f3n inaugural Recepci\u00f3n de apertura: Karl LeClair y Miroslav Lovric 04 de agosto | 18 h \u2013 21 h Los recuerdos son fragmentos de momentos procesados y almacenados&#8230;<\/p>\n","protected":false},"author":3,"featured_media":11346,"template":"","meta":{"_acf_changed":false,"_monsterinsights_skip_tracking":false,"_monsterinsights_sitenote_active":false,"_monsterinsights_sitenote_note":"","_monsterinsights_sitenote_category":0,"_tribe_events_status":"","_tribe_events_status_reason":"","_tribe_events_is_hybrid":"","_tribe_events_is_virtual":"","_tribe_events_virtual_video_source":"","_tribe_events_virtual_embed_video":"","_tribe_events_virtual_linked_button_text":"","_tribe_events_virtual_linked_button":"","_tribe_events_virtual_show_embed_at":"","_tribe_events_virtual_show_embed_to":[],"_tribe_events_virtual_show_on_event":"","_tribe_events_virtual_show_on_views":"","_tribe_events_virtual_url":"","footnotes":"","_wp_rev_ctl_limit":""},"tags":[],"tribe_events_cat":[],"class_list":["post-12203","tribe_events","type-tribe_events","status-publish","has-post-thumbnail","hentry"],"acf":[],"_links":{"self":[{"href":"https:\/\/thereser.org\/es\/wp-json\/wp\/v2\/tribe_events\/12203","targetHints":{"allow":["GET"]}}],"collection":[{"href":"https:\/\/thereser.org\/es\/wp-json\/wp\/v2\/tribe_events"}],"about":[{"href":"https:\/\/thereser.org\/es\/wp-json\/wp\/v2\/types\/tribe_events"}],"author":[{"embeddable":true,"href":"https:\/\/thereser.org\/es\/wp-json\/wp\/v2\/users\/3"}],"version-history":[{"count":0,"href":"https:\/\/thereser.org\/es\/wp-json\/wp\/v2\/tribe_events\/12203\/revisions"}],"wp:featuredmedia":[{"embeddable":true,"href":"https:\/\/thereser.org\/es\/wp-json\/wp\/v2\/media\/11346"}],"wp:attachment":[{"href":"https:\/\/thereser.org\/es\/wp-json\/wp\/v2\/media?parent=12203"}],"wp:term":[{"taxonomy":"post_tag","embeddable":true,"href":"https:\/\/thereser.org\/es\/wp-json\/wp\/v2\/tags?post=12203"},{"taxonomy":"tribe_events_cat","embeddable":true,"href":"https:\/\/thereser.org\/es\/wp-json\/wp\/v2\/tribe_events_cat?post=12203"}],"curies":[{"name":"wp","href":"https:\/\/api.w.org\/{rel}","templated":true}]}}

Primer viernes: Recepción inaugural

<p>Primer viernes: Recepción inaugural</p>
<p>Recepción de apertura: Karl LeClair y Miroslav Lovric<br />
04 de agosto | 18 h – 21 h</p>
<p>Los recuerdos son fragmentos de momentos procesados y almacenados para su posterior recuerdo y exploración. Los artistas Karl LeClair y Miroslav Lovric extraen momentos del pasado, así como elementos de sus sueños, para crear obras imaginativas y bellas que ilustran, a veces, las fuerzas que están más allá de nuestra percepción. Únase a The Reser para celebrar sus nuevas exposiciones en la recepción inaugural del Primer Viernes y explorar más de su obra.</p>
<p>Foto: <em>Omisiones nº 2</em> de Karl LeClair</p>

<p>Primer viernes: Recepción inaugural Recepción de apertura: Karl LeClair y Miroslav Lovric 04 de agosto | 18 h – 21 h Los recuerdos son fragmentos de momentos procesados y almacenados&#8230;</p>
