{"id":12247,"date":"2023-02-27T12:16:09","date_gmt":"2023-02-27T20:16:09","guid":{"rendered":"https:\/\/thereser.org\/event\/pensamientos-idilicos\/"},"modified":"2025-03-11T11:25:42","modified_gmt":"2025-03-11T18:25:42","slug":"pensamientos-idilicos","status":"publish","type":"tribe_events","link":"https:\/\/thereser.org\/es\/event\/pensamientos-idilicos\/","title":{"rendered":"Pensamientos id\u00edlicos"},"content":{"rendered":"<p>45th Parallel cierra su 14\u00aa temporada con tres brillantes obras para orquesta de c\u00e1mara, con composiciones emblem\u00e1ticas de Richard Wagner y Arnold Schoenberg. El programa tambi\u00e9n incluye el radiante homenaje de Gabriella Smith a JS Bach, &#8220;Intersticios de Brandemburgo&#8221;. Estamos encantados de que Deanna Tham, directora residente de la Sinf\u00f3nica de Oreg\u00f3n, nos acompa\u00f1e en este programa.<\/p>\n<p>La Sinfon\u00eda de c\u00e1mara n\u00ba 1 de Schoenberg es una obra fundamental de principios del siglo XX, un hito en la historia de la m\u00fasica del siglo XX y un testimonio de la audaz exploraci\u00f3n de nuevas formas y t\u00e9cnicas musicales por parte del compositor.<\/p>\n<p>Idilio de Sigfrido de Richard Wagner es una obra bella e \u00edntima compuesta por Richard Wagner como regalo de cumplea\u00f1os a su segunda esposa, C\u00f3sima. La pieza se estren\u00f3 en 1870 en su casa, la ma\u00f1ana del cumplea\u00f1os de Cosima, y es una conmovedora y personal expresi\u00f3n de amor y gratitud que se ha convertido en un cl\u00e1sico del repertorio de m\u00fasica de c\u00e1mara.<\/p>\n<p>Intersticios de Brandeburgo, de Gabriella Smith, es una creativa reimaginaci\u00f3n de los famosos conciertos barrocos de JS Bach, una fascinante exploraci\u00f3n de la intersecci\u00f3n entre tradici\u00f3n e innovaci\u00f3n, y un testimonio de la continua influencia de Bach en los compositores contempor\u00e1neos.<\/p>\n<p>Programa:<\/p>\n<p>Intersticios de Brandemburgo por Gabriella Smith<\/p>\n<p>Idilio de Sigfrido de Richard Wagner<\/p>\n<p>Sinfon\u00eda de c\u00e1mara n\u00fam. 1 de Arnold Schoenberg<\/p>\n<p>Deanna Tham, directora invitada<\/p>\n","protected":false},"excerpt":{"rendered":"<p>45th Parallel cierra su 14\u00aa temporada con tres brillantes obras para orquesta de c\u00e1mara, con composiciones emblem\u00e1ticas de Richard Wagner y Arnold Schoenberg. El programa tambi\u00e9n incluye el radiante homenaje&#8230;<\/p>\n","protected":false},"author":3,"featured_media":11169,"template":"","meta":{"_acf_changed":false,"_monsterinsights_skip_tracking":false,"_monsterinsights_sitenote_active":false,"_monsterinsights_sitenote_note":"","_monsterinsights_sitenote_category":0,"_tribe_events_status":"","_tribe_events_status_reason":"","_tribe_events_is_hybrid":"","_tribe_events_is_virtual":"","_tribe_events_virtual_video_source":"","_tribe_events_virtual_embed_video":"","_tribe_events_virtual_linked_button_text":"","_tribe_events_virtual_linked_button":"","_tribe_events_virtual_show_embed_at":"","_tribe_events_virtual_show_embed_to":[],"_tribe_events_virtual_show_on_event":"","_tribe_events_virtual_show_on_views":"","_tribe_events_virtual_url":"","footnotes":"","_wp_rev_ctl_limit":""},"tags":[],"tribe_events_cat":[],"class_list":["post-12247","tribe_events","type-tribe_events","status-publish","has-post-thumbnail","hentry"],"acf":[],"_links":{"self":[{"href":"https:\/\/thereser.org\/es\/wp-json\/wp\/v2\/tribe_events\/12247","targetHints":{"allow":["GET"]}}],"collection":[{"href":"https:\/\/thereser.org\/es\/wp-json\/wp\/v2\/tribe_events"}],"about":[{"href":"https:\/\/thereser.org\/es\/wp-json\/wp\/v2\/types\/tribe_events"}],"author":[{"embeddable":true,"href":"https:\/\/thereser.org\/es\/wp-json\/wp\/v2\/users\/3"}],"version-history":[{"count":0,"href":"https:\/\/thereser.org\/es\/wp-json\/wp\/v2\/tribe_events\/12247\/revisions"}],"wp:featuredmedia":[{"embeddable":true,"href":"https:\/\/thereser.org\/es\/wp-json\/wp\/v2\/media\/11169"}],"wp:attachment":[{"href":"https:\/\/thereser.org\/es\/wp-json\/wp\/v2\/media?parent=12247"}],"wp:term":[{"taxonomy":"post_tag","embeddable":true,"href":"https:\/\/thereser.org\/es\/wp-json\/wp\/v2\/tags?post=12247"},{"taxonomy":"tribe_events_cat","embeddable":true,"href":"https:\/\/thereser.org\/es\/wp-json\/wp\/v2\/tribe_events_cat?post=12247"}],"curies":[{"name":"wp","href":"https:\/\/api.w.org\/{rel}","templated":true}]}}

Pensamientos idílicos

<p>45th Parallel cierra su 14ª temporada con tres brillantes obras para orquesta de cámara, con composiciones emblemáticas de Richard Wagner y Arnold Schoenberg. El programa también incluye el radiante homenaje de Gabriella Smith a JS Bach, &#8220;Intersticios de Brandemburgo&#8221;. Estamos encantados de que Deanna Tham, directora residente de la Sinfónica de Oregón, nos acompañe en este programa.</p>
<p>La Sinfonía de cámara nº 1 de Schoenberg es una obra fundamental de principios del siglo XX, un hito en la historia de la música del siglo XX y un testimonio de la audaz exploración de nuevas formas y técnicas musicales por parte del compositor.</p>
<p>Idilio de Sigfrido de Richard Wagner es una obra bella e íntima compuesta por Richard Wagner como regalo de cumpleaños a su segunda esposa, Cósima. La pieza se estrenó en 1870 en su casa, la mañana del cumpleaños de Cosima, y es una conmovedora y personal expresión de amor y gratitud que se ha convertido en un clásico del repertorio de música de cámara.</p>
<p>Intersticios de Brandeburgo, de Gabriella Smith, es una creativa reimaginación de los famosos conciertos barrocos de JS Bach, una fascinante exploración de la intersección entre tradición e innovación, y un testimonio de la continua influencia de Bach en los compositores contemporáneos.</p>
<p>Programa:</p>
<p>Intersticios de Brandemburgo por Gabriella Smith</p>
<p>Idilio de Sigfrido de Richard Wagner</p>
<p>Sinfonía de cámara núm. 1 de Arnold Schoenberg</p>
<p>Deanna Tham, directora invitada</p>

<p>45th Parallel cierra su 14ª temporada con tres brillantes obras para orquesta de cámara, con composiciones emblemáticas de Richard Wagner y Arnold Schoenberg. El programa también incluye el radiante homenaje&#8230;</p>
