{"id":12309,"date":"2022-11-16T20:53:11","date_gmt":"2022-11-17T04:53:11","guid":{"rendered":"https:\/\/thereser.org\/event\/una-velada-con-meklit\/"},"modified":"2025-03-11T10:22:09","modified_gmt":"2025-03-11T17:22:09","slug":"una-velada-con-meklit","status":"publish","type":"tribe_events","link":"https:\/\/thereser.org\/es\/event\/una-velada-con-meklit\/","title":{"rendered":"Una velada con MEKLIT"},"content":{"rendered":"<p>Una velada con MEKLIT<\/p>\n<p>Caracter\u00edsticas:<br \/>\nColin Douglas bater\u00eda, Sam Bevan bajo, Kibrom Birhane teclados, Howard Wiley saxof\u00f3n tenor<\/p>\n<p>Meklit es una vocalista, compositora y activista cultural et\u00edoamericana que crea m\u00fasica que oscila entre culturas y continentes. Es conocida por su el\u00e9ctrica presencia esc\u00e9nica y sus canciones de Ethio-Jazz innovadoras y profundamente personales.<\/p>\n<p><em>&#8220;La vocalista y compositora et\u00edope Meklit posee una cruda belleza. Su voraz apetito musical es siempre evidente, y consigue honrar su herencia sin dejar de ser ferozmente original&#8221;.<\/em> &#8211; JAZZ TIMES<\/p>\n<p>Sus actuaciones la han llevado por todo el mundo, desde Addis Abeba -donde es toda una estrella- hasta San Francisco, Nueva York, Chicago, Nairobi, El Cairo, Montreal, Londres, Z\u00farich, Roma, Helsinki y muchos m\u00e1s. El \u00faltimo \u00e1lbum de Meklit, &#8220;When the People Move, the Music Moves Too&#8221;, ha sido nombrado uno de los mejores discos del a\u00f1o por Bandcamp y The Sunday Times UK, y se ha encaramado a lo m\u00e1s alto de las listas de iTunes, NACC y European World Charts. Meklit es Jefe de Programa en el Yerba Buena Center for the Arts de San Francisco. Es Exploradora de National Geographic, TED Senior Fellow y artista residente en la Universidad de Harvard.<\/p>\n<p><em>&#8220;&#8230; si tienes alguna duda de que los estilos musicales de \u00c1frica Oriental y el \u00c1rea de la Bah\u00eda se pueden fusionar con agallas y gracia a partes iguales, ella te las sacar\u00e1 de ti con voces, vientos y percusi\u00f3n, una percusi\u00f3n tan estimulante y que impulsa los latidos del coraz\u00f3n, para cuando llegue el primer coro&#8221;.<\/em> -NPR<\/p>\n<p>Meklit ha colaborado con artistas de la talla de Kronos Quartet, Andrew Bird, Preservation Hall Jazz Band y la leyenda musical Pee Wee Ellis. Meklit es cofundador, coproductor y presentador de Movement, una nueva serie de podcasts y espect\u00e1culos en directo que narra historias de la migraci\u00f3n mundial a trav\u00e9s de la m\u00fasica.<\/p>\n<p><em>&#8220;&#8230;una artista excepcional&#8230;El \u00e1lbum contiene reflexiones serias y anudadas sobre la b\u00fasqueda de uno mismo, la b\u00fasqueda de los amores, e himnos para el acto mismo de hacer m\u00fasica&#8230; creando algo convincente y totalmente propio&#8221;<\/em> &#8211; AFROPOP<\/p>\n<p>Duraci\u00f3n: 90 min. Sin intermedio<\/p>\n","protected":false},"excerpt":{"rendered":"<p>Una velada con MEKLIT Caracter\u00edsticas: Colin Douglas bater\u00eda, Sam Bevan bajo, Kibrom Birhane teclados, Howard Wiley saxof\u00f3n tenor Meklit es una vocalista, compositora y activista cultural et\u00edoamericana que crea m\u00fasica&#8230;<\/p>\n","protected":false},"author":3,"featured_media":11059,"template":"","meta":{"_acf_changed":false,"_monsterinsights_skip_tracking":false,"_monsterinsights_sitenote_active":false,"_monsterinsights_sitenote_note":"","_monsterinsights_sitenote_category":0,"_tribe_events_status":"","_tribe_events_status_reason":"","_tribe_events_is_hybrid":"","_tribe_events_is_virtual":"","_tribe_events_virtual_video_source":"","_tribe_events_virtual_embed_video":"","_tribe_events_virtual_linked_button_text":"","_tribe_events_virtual_linked_button":"","_tribe_events_virtual_show_embed_at":"","_tribe_events_virtual_show_embed_to":[],"_tribe_events_virtual_show_on_event":"","_tribe_events_virtual_show_on_views":"","_tribe_events_virtual_url":"","footnotes":"","_wp_rev_ctl_limit":""},"tags":[],"tribe_events_cat":[],"class_list":["post-12309","tribe_events","type-tribe_events","status-publish","has-post-thumbnail","hentry"],"acf":[],"_links":{"self":[{"href":"https:\/\/thereser.org\/es\/wp-json\/wp\/v2\/tribe_events\/12309","targetHints":{"allow":["GET"]}}],"collection":[{"href":"https:\/\/thereser.org\/es\/wp-json\/wp\/v2\/tribe_events"}],"about":[{"href":"https:\/\/thereser.org\/es\/wp-json\/wp\/v2\/types\/tribe_events"}],"author":[{"embeddable":true,"href":"https:\/\/thereser.org\/es\/wp-json\/wp\/v2\/users\/3"}],"version-history":[{"count":0,"href":"https:\/\/thereser.org\/es\/wp-json\/wp\/v2\/tribe_events\/12309\/revisions"}],"wp:featuredmedia":[{"embeddable":true,"href":"https:\/\/thereser.org\/es\/wp-json\/wp\/v2\/media\/11059"}],"wp:attachment":[{"href":"https:\/\/thereser.org\/es\/wp-json\/wp\/v2\/media?parent=12309"}],"wp:term":[{"taxonomy":"post_tag","embeddable":true,"href":"https:\/\/thereser.org\/es\/wp-json\/wp\/v2\/tags?post=12309"},{"taxonomy":"tribe_events_cat","embeddable":true,"href":"https:\/\/thereser.org\/es\/wp-json\/wp\/v2\/tribe_events_cat?post=12309"}],"curies":[{"name":"wp","href":"https:\/\/api.w.org\/{rel}","templated":true}]}}

<p>Una velada con MEKLIT</p>
<p>Características:<br />
Colin Douglas batería, Sam Bevan bajo, Kibrom Birhane teclados, Howard Wiley saxofón tenor</p>
<p>Meklit es una vocalista, compositora y activista cultural etíoamericana que crea música que oscila entre culturas y continentes. Es conocida por su eléctrica presencia escénica y sus canciones de Ethio-Jazz innovadoras y profundamente personales.</p>
<p><em>&#8220;La vocalista y compositora etíope Meklit posee una cruda belleza. Su voraz apetito musical es siempre evidente, y consigue honrar su herencia sin dejar de ser ferozmente original&#8221;.</em> &#8211; JAZZ TIMES</p>
<p>Sus actuaciones la han llevado por todo el mundo, desde Addis Abeba -donde es toda una estrella- hasta San Francisco, Nueva York, Chicago, Nairobi, El Cairo, Montreal, Londres, Zúrich, Roma, Helsinki y muchos más. El último álbum de Meklit, &#8220;When the People Move, the Music Moves Too&#8221;, ha sido nombrado uno de los mejores discos del año por Bandcamp y The Sunday Times UK, y se ha encaramado a lo más alto de las listas de iTunes, NACC y European World Charts. Meklit es Jefe de Programa en el Yerba Buena Center for the Arts de San Francisco. Es Exploradora de National Geographic, TED Senior Fellow y artista residente en la Universidad de Harvard.</p>
<p><em>&#8220;&#8230; si tienes alguna duda de que los estilos musicales de África Oriental y el Área de la Bahía se pueden fusionar con agallas y gracia a partes iguales, ella te las sacará de ti con voces, vientos y percusión, una percusión tan estimulante y que impulsa los latidos del corazón, para cuando llegue el primer coro&#8221;.</em> -NPR</p>
<p>Meklit ha colaborado con artistas de la talla de Kronos Quartet, Andrew Bird, Preservation Hall Jazz Band y la leyenda musical Pee Wee Ellis. Meklit es cofundador, coproductor y presentador de Movement, una nueva serie de podcasts y espectáculos en directo que narra historias de la migración mundial a través de la música.</p>
<p><em>&#8220;&#8230;una artista excepcional&#8230;El álbum contiene reflexiones serias y anudadas sobre la búsqueda de uno mismo, la búsqueda de los amores, e himnos para el acto mismo de hacer música&#8230; creando algo convincente y totalmente propio&#8221;</em> &#8211; AFROPOP</p>
<p>Duración: 90 min. Sin intermedio</p>

<p>Una velada con MEKLIT Características: Colin Douglas batería, Sam Bevan bajo, Kibrom Birhane teclados, Howard Wiley saxofón tenor Meklit es una vocalista, compositora y activista cultural etíoamericana que crea música&#8230;</p>
