{"id":12423,"date":"2022-03-30T15:49:45","date_gmt":"2022-03-30T22:49:45","guid":{"rendered":"https:\/\/thereser.org\/event\/cataratas-de-celilo-estuvimos-alli\/"},"modified":"2025-03-10T15:38:15","modified_gmt":"2025-03-10T22:38:15","slug":"cataratas-de-celilo-estuvimos-alli-2","status":"publish","type":"tribe_events","link":"https:\/\/thereser.org\/es\/event\/cataratas-de-celilo-estuvimos-alli-2\/","title":{"rendered":"Cataratas de Celilo: Estuvimos all\u00ed"},"content":{"rendered":"<p><strong>Insights Artist Talk Series<em><br \/>\nCelilo Falls: Estuvimos all\u00ed<\/em><\/strong><\/p>\n<p>Los visionarios Yaki Bergman, Joe Cantrell, Ed Edmo y Nancy Ives comparten su proceso creativo en la realizaci\u00f3n de Celilo Falls: Estuvimos all\u00ed. Los invitados disfrutar\u00e1n de una conversaci\u00f3n \u00edntima entre amigos en la que se contar\u00e1n entre bastidores los detalles de c\u00f3mo se unieron a ra\u00edz de una idea -una buena idea- para llevar al escenario las im\u00e1genes, los sonidos y el esp\u00edritu de los antepasados de Celilo a trav\u00e9s de la historia personal de Ed expresada en sus escritos y su poes\u00eda. \u00danase a The Reser para conocer de cerca el trabajo de estos incre\u00edbles artistas como preparaci\u00f3n para la actuaci\u00f3n principal de la Orquesta de C\u00e1mara de Portland en junio.<\/p>\n<p>La charla con el artista tendr\u00e1 lugar en el vest\u00edbulo. Las plazas se reservan por orden de llegada.<\/p>\n<p><a href=\"https:\/\/thereser.org\/visit\/covid-19\/\">POL\u00cdTICAS DE ASISTENCIA DE COVID 19<\/a><\/p>\n<p>La seguridad de nuestros clientes, artistas, personal y voluntarios sigue siendo importante para nosotros. Para esta actuaci\u00f3n &#8211; todos los clientes, independientemente de su edad, est\u00e1n obligados a mostrar una prueba de vacunaci\u00f3n completa o una prueba COVID-19 negativa para asistir a los eventos hasta nuevo aviso.<\/p>\n<p>Reser recomienda encarecidamente, pero no exige, que los visitantes lleven m\u00e1scaras en nuestro edificio o cuando asistan a los espect\u00e1culos de Reser Presents.<\/p>\n","protected":false},"excerpt":{"rendered":"<p>Insights Artist Talk Series Celilo Falls: Estuvimos all\u00ed Los visionarios Yaki Bergman, Joe Cantrell, Ed Edmo y Nancy Ives comparten su proceso creativo en la realizaci\u00f3n de Celilo Falls: Estuvimos&#8230;<\/p>\n","protected":false},"author":3,"featured_media":10837,"template":"","meta":{"_acf_changed":false,"_monsterinsights_skip_tracking":false,"_monsterinsights_sitenote_active":false,"_monsterinsights_sitenote_note":"","_monsterinsights_sitenote_category":0,"_tribe_events_status":"","_tribe_events_status_reason":"","_tribe_events_is_hybrid":"","_tribe_events_is_virtual":"","_tribe_events_virtual_video_source":"","_tribe_events_virtual_embed_video":"","_tribe_events_virtual_linked_button_text":"","_tribe_events_virtual_linked_button":"","_tribe_events_virtual_show_embed_at":"","_tribe_events_virtual_show_embed_to":[],"_tribe_events_virtual_show_on_event":"","_tribe_events_virtual_show_on_views":"","_tribe_events_virtual_url":"","footnotes":"","_wp_rev_ctl_limit":""},"tags":[],"tribe_events_cat":[],"class_list":["post-12423","tribe_events","type-tribe_events","status-publish","has-post-thumbnail","hentry"],"acf":[],"_links":{"self":[{"href":"https:\/\/thereser.org\/es\/wp-json\/wp\/v2\/tribe_events\/12423","targetHints":{"allow":["GET"]}}],"collection":[{"href":"https:\/\/thereser.org\/es\/wp-json\/wp\/v2\/tribe_events"}],"about":[{"href":"https:\/\/thereser.org\/es\/wp-json\/wp\/v2\/types\/tribe_events"}],"author":[{"embeddable":true,"href":"https:\/\/thereser.org\/es\/wp-json\/wp\/v2\/users\/3"}],"version-history":[{"count":0,"href":"https:\/\/thereser.org\/es\/wp-json\/wp\/v2\/tribe_events\/12423\/revisions"}],"wp:featuredmedia":[{"embeddable":true,"href":"https:\/\/thereser.org\/es\/wp-json\/wp\/v2\/media\/10837"}],"wp:attachment":[{"href":"https:\/\/thereser.org\/es\/wp-json\/wp\/v2\/media?parent=12423"}],"wp:term":[{"taxonomy":"post_tag","embeddable":true,"href":"https:\/\/thereser.org\/es\/wp-json\/wp\/v2\/tags?post=12423"},{"taxonomy":"tribe_events_cat","embeddable":true,"href":"https:\/\/thereser.org\/es\/wp-json\/wp\/v2\/tribe_events_cat?post=12423"}],"curies":[{"name":"wp","href":"https:\/\/api.w.org\/{rel}","templated":true}]}}

Cataratas de Celilo: Estuvimos allí

<p><strong>Insights Artist Talk Series<em><br />
Celilo Falls: Estuvimos allí</em></strong></p>
<p>Los visionarios Yaki Bergman, Joe Cantrell, Ed Edmo y Nancy Ives comparten su proceso creativo en la realización de Celilo Falls: Estuvimos allí. Los invitados disfrutarán de una conversación íntima entre amigos en la que se contarán entre bastidores los detalles de cómo se unieron a raíz de una idea -una buena idea- para llevar al escenario las imágenes, los sonidos y el espíritu de los antepasados de Celilo a través de la historia personal de Ed expresada en sus escritos y su poesía. Únase a The Reser para conocer de cerca el trabajo de estos increíbles artistas como preparación para la actuación principal de la Orquesta de Cámara de Portland en junio.</p>
<p>La charla con el artista tendrá lugar en el vestíbulo. Las plazas se reservan por orden de llegada.</p>
<p><a href="https://thereser.org/visit/covid-19/">POLÍTICAS DE ASISTENCIA DE COVID 19</a></p>
<p>La seguridad de nuestros clientes, artistas, personal y voluntarios sigue siendo importante para nosotros. Para esta actuación &#8211; todos los clientes, independientemente de su edad, están obligados a mostrar una prueba de vacunación completa o una prueba COVID-19 negativa para asistir a los eventos hasta nuevo aviso.</p>
<p>Reser recomienda encarecidamente, pero no exige, que los visitantes lleven máscaras en nuestro edificio o cuando asistan a los espectáculos de Reser Presents.</p>

<p>Insights Artist Talk Series Celilo Falls: Estuvimos allí Los visionarios Yaki Bergman, Joe Cantrell, Ed Edmo y Nancy Ives comparten su proceso creativo en la realización de Celilo Falls: Estuvimos&#8230;</p>
