{"id":12435,"date":"2022-04-11T19:48:25","date_gmt":"2022-04-12T02:48:25","guid":{"rendered":"https:\/\/thereser.org\/event\/cosmologia-y-mitologia-creativas\/"},"modified":"2025-03-10T15:38:15","modified_gmt":"2025-03-10T22:38:15","slug":"cosmologia-y-mitologia-creativas","status":"publish","type":"tribe_events","link":"https:\/\/thereser.org\/es\/event\/cosmologia-y-mitologia-creativas\/","title":{"rendered":"Cosmolog\u00eda y mitolog\u00eda creativas"},"content":{"rendered":"<p><strong>Insights Artist Talk Series<em><br \/>\nCosmolog\u00eda y mitolog\u00eda creativas<\/em><\/strong><\/p>\n<p>El Reser contin\u00faa la serie de charlas con artistas <em>Celilo &#8211; Never Silenced<\/em> en un debate \u00edntimo sobre cosmolog\u00eda e influencias mitol\u00f3gicas. Impregnados de historias del pasado, los artistas Analee Fuentes y Richard Rowland comparten experiencias \u00fanicas de sus pr\u00e1cticas art\u00edsticas. Reconociendo la importancia de honrar los ritmos de la naturaleza, los artistas comparten investigaciones personales y tradiciones colectivas que han guiado su trabajo, al tiempo que desarrollan una comprensi\u00f3n m\u00e1s profunda de la tierra, los r\u00edos y las comunidades ind\u00edgenas.<\/p>\n<p>Para reservar su entrada GRATUITA, env\u00ede un RSVP a: <a href=\"mailto:gallery@thereser.org\">gallery@thereser.org<\/a><\/p>\n<p><a href=\"https:\/\/thereser.org\/visit\/covid-19\/\">POL\u00cdTICAS DE ASISTENCIA DE COVID 19<\/a><\/p>\n<p>La seguridad de nuestros clientes, artistas, personal y voluntarios sigue siendo importante para nosotros. Para este espect\u00e1culo, todos los espectadores, independientemente de su edad, deber\u00e1n presentar una prueba de vacunaci\u00f3n completa o un resultado negativo en la prueba COVID-19.<\/p>\n<p>Reser recomienda encarecidamente, pero no exige, que los visitantes lleven m\u00e1scaras en nuestro edificio o cuando asistan a los espect\u00e1culos de Reser Presents.<\/p>\n","protected":false},"excerpt":{"rendered":"<p>Insights Artist Talk Series Cosmolog\u00eda y mitolog\u00eda creativas El Reser contin\u00faa la serie de charlas con artistas Celilo &#8211; Never Silenced en un debate \u00edntimo sobre cosmolog\u00eda e influencias mitol\u00f3gicas&#8230;.<\/p>\n","protected":false},"author":3,"featured_media":10843,"template":"","meta":{"_acf_changed":false,"_monsterinsights_skip_tracking":false,"_monsterinsights_sitenote_active":false,"_monsterinsights_sitenote_note":"","_monsterinsights_sitenote_category":0,"_tribe_events_status":"","_tribe_events_status_reason":"","_tribe_events_is_hybrid":"","_tribe_events_is_virtual":"","_tribe_events_virtual_video_source":"","_tribe_events_virtual_embed_video":"","_tribe_events_virtual_linked_button_text":"","_tribe_events_virtual_linked_button":"","_tribe_events_virtual_show_embed_at":"","_tribe_events_virtual_show_embed_to":[],"_tribe_events_virtual_show_on_event":"","_tribe_events_virtual_show_on_views":"","_tribe_events_virtual_url":"","footnotes":"","_wp_rev_ctl_limit":""},"tags":[],"tribe_events_cat":[],"class_list":["post-12435","tribe_events","type-tribe_events","status-publish","has-post-thumbnail","hentry"],"acf":[],"_links":{"self":[{"href":"https:\/\/thereser.org\/es\/wp-json\/wp\/v2\/tribe_events\/12435","targetHints":{"allow":["GET"]}}],"collection":[{"href":"https:\/\/thereser.org\/es\/wp-json\/wp\/v2\/tribe_events"}],"about":[{"href":"https:\/\/thereser.org\/es\/wp-json\/wp\/v2\/types\/tribe_events"}],"author":[{"embeddable":true,"href":"https:\/\/thereser.org\/es\/wp-json\/wp\/v2\/users\/3"}],"version-history":[{"count":0,"href":"https:\/\/thereser.org\/es\/wp-json\/wp\/v2\/tribe_events\/12435\/revisions"}],"wp:featuredmedia":[{"embeddable":true,"href":"https:\/\/thereser.org\/es\/wp-json\/wp\/v2\/media\/10843"}],"wp:attachment":[{"href":"https:\/\/thereser.org\/es\/wp-json\/wp\/v2\/media?parent=12435"}],"wp:term":[{"taxonomy":"post_tag","embeddable":true,"href":"https:\/\/thereser.org\/es\/wp-json\/wp\/v2\/tags?post=12435"},{"taxonomy":"tribe_events_cat","embeddable":true,"href":"https:\/\/thereser.org\/es\/wp-json\/wp\/v2\/tribe_events_cat?post=12435"}],"curies":[{"name":"wp","href":"https:\/\/api.w.org\/{rel}","templated":true}]}}

Cosmología y mitología creativas

<p><strong>Insights Artist Talk Series<em><br />
Cosmología y mitología creativas</em></strong></p>
<p>El Reser continúa la serie de charlas con artistas <em>Celilo &#8211; Never Silenced</em> en un debate íntimo sobre cosmología e influencias mitológicas. Impregnados de historias del pasado, los artistas Analee Fuentes y Richard Rowland comparten experiencias únicas de sus prácticas artísticas. Reconociendo la importancia de honrar los ritmos de la naturaleza, los artistas comparten investigaciones personales y tradiciones colectivas que han guiado su trabajo, al tiempo que desarrollan una comprensión más profunda de la tierra, los ríos y las comunidades indígenas.</p>
<p>Para reservar su entrada GRATUITA, envíe un RSVP a: <a href="mailto:gallery@thereser.org">gallery@thereser.org</a></p>
<p><a href="https://thereser.org/visit/covid-19/">POLÍTICAS DE ASISTENCIA DE COVID 19</a></p>
<p>La seguridad de nuestros clientes, artistas, personal y voluntarios sigue siendo importante para nosotros. Para este espectáculo, todos los espectadores, independientemente de su edad, deberán presentar una prueba de vacunación completa o un resultado negativo en la prueba COVID-19.</p>
<p>Reser recomienda encarecidamente, pero no exige, que los visitantes lleven máscaras en nuestro edificio o cuando asistan a los espectáculos de Reser Presents.</p>

<p>Insights Artist Talk Series Cosmología y mitología creativas El Reser continúa la serie de charlas con artistas Celilo &#8211; Never Silenced en un debate íntimo sobre cosmología e influencias mitológicas&#8230;.</p>
