{"id":12451,"date":"2022-01-25T10:05:49","date_gmt":"2022-01-25T18:05:49","guid":{"rendered":"https:\/\/thereser.org\/event\/gabriel-kahane-pajaro-magnifico\/"},"modified":"2025-03-10T15:20:22","modified_gmt":"2025-03-10T22:20:22","slug":"gabriel-kahane-pajaro-magnifico","status":"publish","type":"tribe_events","link":"https:\/\/thereser.org\/es\/event\/gabriel-kahane-pajaro-magnifico\/","title":{"rendered":"Gabriel Kahane-P\u00e1jaro magn\u00edfico"},"content":{"rendered":"<p>Gabriel Kahane &#8211; <span class=\"searchHighlight\">Magnificent<\/span> Bird con la Sinf\u00f3nica de Oreg\u00f3n<\/p>\n<p>La Sinf\u00f3nica de Oreg\u00f3n se une a la Gran Inauguraci\u00f3n de la Temporada de Primavera del Centro Patricia Reser para las Artes con el estreno mundial orquestal de <i>Magnificent Bird<\/i>, de Gabriel Kahane, un nuevo ciclo de canciones escrito en el \u00faltimo mes de una pausa completa de un a\u00f1o en Internet. A la vez \u00edntimo y ambicioso, el \u00faltimo trabajo de Kahane oscila entre la p\u00e9rdida personal y una serie de crisis p\u00fablicas que siguen conmocionando a la naci\u00f3n. Intercaladas entre esta nueva colecci\u00f3n de canciones hay selecciones de <i>Book of Travelers<\/i>, el relato musical de Gabriel de un viaje en tren de 8.980 millas que hizo tras las elecciones de 2016, as\u00ed como las bulliciosas <i>Twitterkreis<\/i>, nano-canciones que empez\u00f3 a lanzar en serie en Instagram en 2018. A partes iguales cuentista, cantautor y cr\u00edtico cultural, Kahane promete guiar al p\u00fablico a trav\u00e9s de una velada cat\u00e1rtica que sondea nuestras relaciones individuales y colectivas con la tecnolog\u00eda, y las consecuencias que se derivan del r\u00e9gimen digital contempor\u00e1neo: para nuestro planeta, nuestro cuerpo pol\u00edtico, nuestra dignidad y, quiz\u00e1 lo m\u00e1s crucial, nuestra capacidad de amar.<\/p>\n<div>\n<p>Programa:<\/p>\n<\/div>\n<div>\n<div>\n<p>Gabriel Kahane, voz, piano y guitarras<\/p>\n<\/div>\n<div>\n<p>Norman Huynh, director de orquesta<\/p>\n<\/div>\n<div>\n<p>Las selecciones se anunciar\u00e1n desde el escenario.<\/p>\n<p><a href=\"https:\/\/www.nonesuch.com\/journal\/gabriel-kahane-new-album-magnificent-bird-due-march-25-nonesuch-records-2022-01-25\" target=\"_blank\" rel=\"noopener\">El nuevo \u00e1lbum de Gabriel Kahane, <em>Magnificent Bird<\/em>, ya est\u00e1 disponible en Nonesuch Records.<\/a><\/p>\n<\/div>\n<p><strong>Esta representaci\u00f3n requiere el uso de mascarillas.<\/strong><\/p>\n<div>\n<p><a href=\"https:\/\/thereser.org\/visit\/covid-19\/\">POL\u00cdTICAS DE ASISTENCIA DE COVID 19<\/a><\/p>\n<\/div>\n<\/div>\n","protected":false},"excerpt":{"rendered":"<p>Gabriel Kahane &#8211; Magnificent Bird con la Sinf\u00f3nica de Oreg\u00f3n La Sinf\u00f3nica de Oreg\u00f3n se une a la Gran Inauguraci\u00f3n de la Temporada de Primavera del Centro Patricia Reser para&#8230;<\/p>\n","protected":false},"author":3,"featured_media":10793,"template":"","meta":{"_acf_changed":false,"_monsterinsights_skip_tracking":false,"_monsterinsights_sitenote_active":false,"_monsterinsights_sitenote_note":"","_monsterinsights_sitenote_category":0,"_tribe_events_status":"","_tribe_events_status_reason":"","_tribe_events_is_hybrid":"","_tribe_events_is_virtual":"","_tribe_events_virtual_video_source":"","_tribe_events_virtual_embed_video":"","_tribe_events_virtual_linked_button_text":"","_tribe_events_virtual_linked_button":"","_tribe_events_virtual_show_embed_at":"","_tribe_events_virtual_show_embed_to":[],"_tribe_events_virtual_show_on_event":"","_tribe_events_virtual_show_on_views":"","_tribe_events_virtual_url":"","footnotes":"","_wp_rev_ctl_limit":""},"tags":[],"tribe_events_cat":[],"class_list":["post-12451","tribe_events","type-tribe_events","status-publish","has-post-thumbnail","hentry"],"acf":[],"_links":{"self":[{"href":"https:\/\/thereser.org\/es\/wp-json\/wp\/v2\/tribe_events\/12451","targetHints":{"allow":["GET"]}}],"collection":[{"href":"https:\/\/thereser.org\/es\/wp-json\/wp\/v2\/tribe_events"}],"about":[{"href":"https:\/\/thereser.org\/es\/wp-json\/wp\/v2\/types\/tribe_events"}],"author":[{"embeddable":true,"href":"https:\/\/thereser.org\/es\/wp-json\/wp\/v2\/users\/3"}],"version-history":[{"count":0,"href":"https:\/\/thereser.org\/es\/wp-json\/wp\/v2\/tribe_events\/12451\/revisions"}],"wp:featuredmedia":[{"embeddable":true,"href":"https:\/\/thereser.org\/es\/wp-json\/wp\/v2\/media\/10793"}],"wp:attachment":[{"href":"https:\/\/thereser.org\/es\/wp-json\/wp\/v2\/media?parent=12451"}],"wp:term":[{"taxonomy":"post_tag","embeddable":true,"href":"https:\/\/thereser.org\/es\/wp-json\/wp\/v2\/tags?post=12451"},{"taxonomy":"tribe_events_cat","embeddable":true,"href":"https:\/\/thereser.org\/es\/wp-json\/wp\/v2\/tribe_events_cat?post=12451"}],"curies":[{"name":"wp","href":"https:\/\/api.w.org\/{rel}","templated":true}]}}

Gabriel Kahane-Pájaro magnífico

<p>Gabriel Kahane &#8211; <span class="searchHighlight">Magnificent</span> Bird con la Sinfónica de Oregón</p>
<p>La Sinfónica de Oregón se une a la Gran Inauguración de la Temporada de Primavera del Centro Patricia Reser para las Artes con el estreno mundial orquestal de <i>Magnificent Bird</i>, de Gabriel Kahane, un nuevo ciclo de canciones escrito en el último mes de una pausa completa de un año en Internet. A la vez íntimo y ambicioso, el último trabajo de Kahane oscila entre la pérdida personal y una serie de crisis públicas que siguen conmocionando a la nación. Intercaladas entre esta nueva colección de canciones hay selecciones de <i>Book of Travelers</i>, el relato musical de Gabriel de un viaje en tren de 8.980 millas que hizo tras las elecciones de 2016, así como las bulliciosas <i>Twitterkreis</i>, nano-canciones que empezó a lanzar en serie en Instagram en 2018. A partes iguales cuentista, cantautor y crítico cultural, Kahane promete guiar al público a través de una velada catártica que sondea nuestras relaciones individuales y colectivas con la tecnología, y las consecuencias que se derivan del régimen digital contemporáneo: para nuestro planeta, nuestro cuerpo político, nuestra dignidad y, quizá lo más crucial, nuestra capacidad de amar.</p>
<div>
<p>Programa:</p>
</div>
<div>
<div>
<p>Gabriel Kahane, voz, piano y guitarras</p>
</div>
<div>
<p>Norman Huynh, director de orquesta</p>
</div>
<div>
<p>Las selecciones se anunciarán desde el escenario.</p>
<p><a href="https://www.nonesuch.com/journal/gabriel-kahane-new-album-magnificent-bird-due-march-25-nonesuch-records-2022-01-25" target="_blank" rel="noopener">El nuevo álbum de Gabriel Kahane, <em>Magnificent Bird</em>, ya está disponible en Nonesuch Records.</a></p>
</div>
<p><strong>Esta representación requiere el uso de mascarillas.</strong></p>
<div>
<p><a href="https://thereser.org/visit/covid-19/">POLÍTICAS DE ASISTENCIA DE COVID 19</a></p>
</div>
</div>

<p>Gabriel Kahane &#8211; Magnificent Bird con la Sinfónica de Oregón La Sinfónica de Oregón se une a la Gran Inauguración de la Temporada de Primavera del Centro Patricia Reser para&#8230;</p>
