{"id":12457,"date":"2022-03-02T18:27:18","date_gmt":"2022-03-03T02:27:18","guid":{"rendered":"https:\/\/thereser.org\/event\/omar-sosa-seckou-keita-suba-trio-ft-gustavo-ovalles\/"},"modified":"2025-03-10T15:38:18","modified_gmt":"2025-03-10T22:38:18","slug":"omar-sosa-seckou-keita-suba-trio-ft-gustavo-ovalles","status":"publish","type":"tribe_events","link":"https:\/\/thereser.org\/es\/event\/omar-sosa-seckou-keita-suba-trio-ft-gustavo-ovalles\/","title":{"rendered":"OMAR SOSA &amp; SECKOU KEITA SUBA Trio ft. GUSTAVO OVALLES"},"content":{"rendered":"<p>PDX Jazz presenta Omar Sosa &amp; Seckou Keita Suba Trio ft. Gustavo Ovalles<\/p>\n<p>El oc\u00e9ano Atl\u00e1ntico separa Cuba de Senegal, los respectivos lugares de nacimiento del virtuoso del piano Omar Sosa y del maestro de la kora Seckou Keita, una distancia que se ve reducida por su conexi\u00f3n ancestral com\u00fan con \u00c1frica. Grabado durante el encierro y publicado en octubre de 2021, el segundo \u00e1lbum de Sosa y Keita <i>, SUBA<\/i>, es un himno a la esperanza, a un nuevo amanecer de compasi\u00f3n y cambio real en un mundo pospand\u00e9mico, una reiteraci\u00f3n visceral de la perenne plegaria de la humanidad por la paz y la unidad.<\/p>\n<p>&#8220;Sosa y Keita ofrecen una obra que fluye, refluye y brilla&#8221;. &#8211; Jane Cornwell, <i>Jazzwise<\/i><\/p>\n<p>Cuando ambos se conocieron en 2012, Seckou amaba a Omar por su espiritualidad musical, mientras que Omar ve\u00eda en Seckou una rara habilidad para colaborar sin perder su identidad. Su \u00e1lbum de debut <i>Transparent Water<\/i> (2017) fue aclamado como &#8216;hermoso, raps\u00f3dico&#8230; espiritual&#8217; &#8211; <i>Songlines<\/i> y &#8216;&#8230;hipnotizante, evocador y sofisticado.&#8217; &#8211; <i>World Music Central<\/i><\/p>\n<p>El compositor y pianista cubano Omar Sosa es uno de los artistas de jazz m\u00e1s vers\u00e1tiles del panorama actual. Fusiona una amplia gama de jazz, m\u00fasicas del mundo y elementos electr\u00f3nicos con sus ra\u00edces afrocubanas nativas para crear un sonido urbano fresco y original, todo ello con un coraz\u00f3n de jazz latino. La trayectoria musical de Omar Sosa le ha llevado de Camag\u00fcey y La Habana a girar por Angola, el Congo, Etiop\u00eda y Nicaragua en los a\u00f1os ochenta; a una estancia en las comunidades afrodescendientes de Ecuador a principios de los noventa; a una prolongada presencia en la escena del jazz latino de la bah\u00eda de San Francisco; y a su actual compromiso con artistas de Francia, Cuba, Brasil y varias naciones del norte, oeste y este de \u00c1frica.<\/p>\n<p>Su carrera encarna la perspectiva expansiva de un artista visionario que se ha tomado muy a pecho el esp\u00edritu intransigente de Monk, al tiempo que trabaja sin cesar para crear y proyectar una voz \u00fanica y cosmopolita.<\/p>\n<p>El Sr. Sosa recibi\u00f3 en 2003 un premio a toda su carrera de los Smithsonian Associates de Washington, DC, por su contribuci\u00f3n al desarrollo del jazz latino en Estados Unidos. A lo largo de los a\u00f1os, Omar ha publicado 30 \u00e1lbumes y ha sido nominado seis veces al GRAMMY y dos veces a los BBC Radio 3 World Music Awards. En 2003 recibi\u00f3 el Premio al \u00c1lbum de Jazz Afrocaribe\u00f1o del A\u00f1o de la Asociaci\u00f3n de Periodistas de Jazz de Nueva York por su grabaci\u00f3n Sentir; y una nominaci\u00f3n de la Asociaci\u00f3n de Periodistas de Jazz al \u00c1lbum de Jazz Latino del A\u00f1o en 2005 por su grabaci\u00f3n Mulatos, con Paquito D&#8217;Rivera. En 2008, el Yerba Buena Center for the Arts de San Francisco y la Oakland East Bay Symphony encargaron a Omar Sosa la composici\u00f3n de una gran obra para orquesta sinf\u00f3nica (From Our Mother), subvencionada por la Rockefeller Foundation.<\/p>\n<p>El int\u00e9rprete senegal\u00e9s de kora Seckou Keita, afincado en el Reino Unido, se ha hecho un nombre como uno de los principales innovadores de la m\u00fasica africana actual. En las dos d\u00e9cadas transcurridas desde que aterriz\u00f3 en el Reino Unido, se ha consolidado como el int\u00e9rprete de kora m\u00e1s importante del pa\u00eds y se ha convertido en uno de los pilares de la vibrante escena multicultural del pa\u00eds. Trabajando en solitario o en colaboraci\u00f3n con un ecl\u00e9ctico abanico de m\u00fasicos, su virtuosismo ha adornado sistem\u00e1ticamente algunos de los \u00e1lbumes de cinco estrellas favoritos de esta revista y le ha valido tres <i>Songlines<\/i> Music Awards en el proceso.<\/p>\n<p>Tambi\u00e9n ha recibido un par de premios en esa instituci\u00f3n tan brit\u00e1nica que son los BBC Radio 2 Folk Awards, entre ellos el de &#8220;M\u00fasico folk del a\u00f1o&#8221;, un honor del que se siente especialmente orgulloso, pero que recibi\u00f3 con la modestia que le caracteriza. &#8220;No s\u00e9 si soy un m\u00fasico de folk, de jazz o del mundo&#8221;, dijo entonces. &#8220;Olv\u00eddate de las categor\u00edas. Mi m\u00fasica es s\u00f3lo m\u00fasica para escuchar: es buena m\u00fasica para el alma y no importan tus sentimientos, si est\u00e1s triste o feliz, encajar\u00e1. Es un proceso curativo&#8221;.<\/p>\n","protected":false},"excerpt":{"rendered":"<p>PDX Jazz presenta Omar Sosa &amp; Seckou Keita Suba Trio ft. Gustavo Ovalles El oc\u00e9ano Atl\u00e1ntico separa Cuba de Senegal, los respectivos lugares de nacimiento del virtuoso del piano Omar&#8230;<\/p>\n","protected":false},"author":3,"featured_media":10833,"template":"","meta":{"_acf_changed":false,"_monsterinsights_skip_tracking":false,"_monsterinsights_sitenote_active":false,"_monsterinsights_sitenote_note":"","_monsterinsights_sitenote_category":0,"_tribe_events_status":"","_tribe_events_status_reason":"","_tribe_events_is_hybrid":"","_tribe_events_is_virtual":"","_tribe_events_virtual_video_source":"","_tribe_events_virtual_embed_video":"","_tribe_events_virtual_linked_button_text":"","_tribe_events_virtual_linked_button":"","_tribe_events_virtual_show_embed_at":"","_tribe_events_virtual_show_embed_to":[],"_tribe_events_virtual_show_on_event":"","_tribe_events_virtual_show_on_views":"","_tribe_events_virtual_url":"","footnotes":"","_wp_rev_ctl_limit":""},"tags":[],"tribe_events_cat":[],"class_list":["post-12457","tribe_events","type-tribe_events","status-publish","has-post-thumbnail","hentry"],"acf":[],"_links":{"self":[{"href":"https:\/\/thereser.org\/es\/wp-json\/wp\/v2\/tribe_events\/12457","targetHints":{"allow":["GET"]}}],"collection":[{"href":"https:\/\/thereser.org\/es\/wp-json\/wp\/v2\/tribe_events"}],"about":[{"href":"https:\/\/thereser.org\/es\/wp-json\/wp\/v2\/types\/tribe_events"}],"author":[{"embeddable":true,"href":"https:\/\/thereser.org\/es\/wp-json\/wp\/v2\/users\/3"}],"version-history":[{"count":0,"href":"https:\/\/thereser.org\/es\/wp-json\/wp\/v2\/tribe_events\/12457\/revisions"}],"wp:featuredmedia":[{"embeddable":true,"href":"https:\/\/thereser.org\/es\/wp-json\/wp\/v2\/media\/10833"}],"wp:attachment":[{"href":"https:\/\/thereser.org\/es\/wp-json\/wp\/v2\/media?parent=12457"}],"wp:term":[{"taxonomy":"post_tag","embeddable":true,"href":"https:\/\/thereser.org\/es\/wp-json\/wp\/v2\/tags?post=12457"},{"taxonomy":"tribe_events_cat","embeddable":true,"href":"https:\/\/thereser.org\/es\/wp-json\/wp\/v2\/tribe_events_cat?post=12457"}],"curies":[{"name":"wp","href":"https:\/\/api.w.org\/{rel}","templated":true}]}}

<p>PDX Jazz presenta Omar Sosa &amp; Seckou Keita Suba Trio ft. Gustavo Ovalles</p>
<p>El océano Atlántico separa Cuba de Senegal, los respectivos lugares de nacimiento del virtuoso del piano Omar Sosa y del maestro de la kora Seckou Keita, una distancia que se ve reducida por su conexión ancestral común con África. Grabado durante el encierro y publicado en octubre de 2021, el segundo álbum de Sosa y Keita <i>, SUBA</i>, es un himno a la esperanza, a un nuevo amanecer de compasión y cambio real en un mundo pospandémico, una reiteración visceral de la perenne plegaria de la humanidad por la paz y la unidad.</p>
<p>&#8220;Sosa y Keita ofrecen una obra que fluye, refluye y brilla&#8221;. &#8211; Jane Cornwell, <i>Jazzwise</i></p>
<p>Cuando ambos se conocieron en 2012, Seckou amaba a Omar por su espiritualidad musical, mientras que Omar veía en Seckou una rara habilidad para colaborar sin perder su identidad. Su álbum de debut <i>Transparent Water</i> (2017) fue aclamado como &#8216;hermoso, rapsódico&#8230; espiritual&#8217; &#8211; <i>Songlines</i> y &#8216;&#8230;hipnotizante, evocador y sofisticado.&#8217; &#8211; <i>World Music Central</i></p>
<p>El compositor y pianista cubano Omar Sosa es uno de los artistas de jazz más versátiles del panorama actual. Fusiona una amplia gama de jazz, músicas del mundo y elementos electrónicos con sus raíces afrocubanas nativas para crear un sonido urbano fresco y original, todo ello con un corazón de jazz latino. La trayectoria musical de Omar Sosa le ha llevado de Camagüey y La Habana a girar por Angola, el Congo, Etiopía y Nicaragua en los años ochenta; a una estancia en las comunidades afrodescendientes de Ecuador a principios de los noventa; a una prolongada presencia en la escena del jazz latino de la bahía de San Francisco; y a su actual compromiso con artistas de Francia, Cuba, Brasil y varias naciones del norte, oeste y este de África.</p>
<p>Su carrera encarna la perspectiva expansiva de un artista visionario que se ha tomado muy a pecho el espíritu intransigente de Monk, al tiempo que trabaja sin cesar para crear y proyectar una voz única y cosmopolita.</p>
<p>El Sr. Sosa recibió en 2003 un premio a toda su carrera de los Smithsonian Associates de Washington, DC, por su contribución al desarrollo del jazz latino en Estados Unidos. A lo largo de los años, Omar ha publicado 30 álbumes y ha sido nominado seis veces al GRAMMY y dos veces a los BBC Radio 3 World Music Awards. En 2003 recibió el Premio al Álbum de Jazz Afrocaribeño del Año de la Asociación de Periodistas de Jazz de Nueva York por su grabación Sentir; y una nominación de la Asociación de Periodistas de Jazz al Álbum de Jazz Latino del Año en 2005 por su grabación Mulatos, con Paquito D&#8217;Rivera. En 2008, el Yerba Buena Center for the Arts de San Francisco y la Oakland East Bay Symphony encargaron a Omar Sosa la composición de una gran obra para orquesta sinfónica (From Our Mother), subvencionada por la Rockefeller Foundation.</p>
<p>El intérprete senegalés de kora Seckou Keita, afincado en el Reino Unido, se ha hecho un nombre como uno de los principales innovadores de la música africana actual. En las dos décadas transcurridas desde que aterrizó en el Reino Unido, se ha consolidado como el intérprete de kora más importante del país y se ha convertido en uno de los pilares de la vibrante escena multicultural del país. Trabajando en solitario o en colaboración con un ecléctico abanico de músicos, su virtuosismo ha adornado sistemáticamente algunos de los álbumes de cinco estrellas favoritos de esta revista y le ha valido tres <i>Songlines</i> Music Awards en el proceso.</p>
<p>También ha recibido un par de premios en esa institución tan británica que son los BBC Radio 2 Folk Awards, entre ellos el de &#8220;Músico folk del año&#8221;, un honor del que se siente especialmente orgulloso, pero que recibió con la modestia que le caracteriza. &#8220;No sé si soy un músico de folk, de jazz o del mundo&#8221;, dijo entonces. &#8220;Olvídate de las categorías. Mi música es sólo música para escuchar: es buena música para el alma y no importan tus sentimientos, si estás triste o feliz, encajará. Es un proceso curativo&#8221;.</p>

<p>PDX Jazz presenta Omar Sosa &amp; Seckou Keita Suba Trio ft. Gustavo Ovalles El océano Atlántico separa Cuba de Senegal, los respectivos lugares de nacimiento del virtuoso del piano Omar&#8230;</p>
