{"id":12476,"date":"2022-06-06T18:36:42","date_gmt":"2022-06-07T01:36:42","guid":{"rendered":"https:\/\/thereser.org\/event\/el-plus-malo\/"},"modified":"2025-03-10T15:38:06","modified_gmt":"2025-03-10T22:38:06","slug":"el-plus-malo","status":"publish","type":"tribe_events","link":"https:\/\/thereser.org\/es\/event\/el-plus-malo\/","title":{"rendered":"El Plus Malo"},"content":{"rendered":"<p>Los Bad Plus son los originales por excelencia. Una unidad democr\u00e1tica con una visi\u00f3n clara y que se niega a conformarse con las convenciones. Durante las dos \u00faltimas d\u00e9cadas han jugado con esp\u00edritu y aventura, han creado sus propias reglas y lo han hecho con un audaz sentido de la creatividad y la intenci\u00f3n. Evitando la categorizaci\u00f3n f\u00e1cil, The Bad Plus se ha ganado la aclamaci\u00f3n de la cr\u00edtica y una legi\u00f3n de fans en todo el mundo con su sonido \u00fanico y su talento para las actuaciones en directo.<\/p>\n<p>Ahora en su 21\u00ba a\u00f1o, The Bad Plus contin\u00faa empujando los l\u00edmites a medida que los miembros fundadores Reid Anderson (bajo) y Dave King (bater\u00eda) se embarcan en una nueva encarnaci\u00f3n sin piano de la banda con Ben Monder (guitarra) y Chris Speed (saxof\u00f3n tenor), instigando una nueva ola de emoci\u00f3n y anticipaci\u00f3n dentro de la banda que est\u00e1 revitalizando su sonido e inspiraci\u00f3n.<br \/>\nThe Bad Plus han buscado constantemente tender puentes entre g\u00e9neros y t\u00e9cnicas mientras exploran las infinitas posibilidades de m\u00fasicos excepcionales que trabajan en perfecta sincron\u00eda.<\/p>\n<p>The Bad Plus lanzar\u00e1 su decimoquinta grabaci\u00f3n de estudio y su \u00e1lbum debut hom\u00f3nimo como nuevo cuarteto din\u00e1mico a trav\u00e9s de Edition Records el viernes 30 de septiembre.<\/p>\n<p>&#8220;La evoluci\u00f3n es necesaria para la vida y la creatividad&#8221;, dicen Dave King y Reid Anderson. &#8220;Hemos evolucionado, pero seguimos siendo El Plus Malo&#8221;.<\/p>\n<p>&nbsp;<\/p>\n<p><iframe loading=\"lazy\" title=\"The Bad Plus &#039;Motivations II&#039; - Official Trailer\" width=\"500\" height=\"281\" src=\"https:\/\/www.youtube.com\/embed\/ZHDy66qxlg4?feature=oembed\" frameborder=\"0\" allow=\"accelerometer; autoplay; clipboard-write; encrypted-media; gyroscope; picture-in-picture; web-share\" referrerpolicy=\"strict-origin-when-cross-origin\" allowfullscreen><\/iframe><\/p>\n","protected":false},"excerpt":{"rendered":"<p>Los Bad Plus son los originales por excelencia. Una unidad democr\u00e1tica con una visi\u00f3n clara y que se niega a conformarse con las convenciones. Durante las dos \u00faltimas d\u00e9cadas han&#8230;<\/p>\n","protected":false},"author":3,"featured_media":10919,"template":"","meta":{"_acf_changed":false,"_monsterinsights_skip_tracking":false,"_monsterinsights_sitenote_active":false,"_monsterinsights_sitenote_note":"","_monsterinsights_sitenote_category":0,"_tribe_events_status":"","_tribe_events_status_reason":"","_tribe_events_is_hybrid":"","_tribe_events_is_virtual":"","_tribe_events_virtual_video_source":"","_tribe_events_virtual_embed_video":"","_tribe_events_virtual_linked_button_text":"","_tribe_events_virtual_linked_button":"","_tribe_events_virtual_show_embed_at":"","_tribe_events_virtual_show_embed_to":[],"_tribe_events_virtual_show_on_event":"","_tribe_events_virtual_show_on_views":"","_tribe_events_virtual_url":"","footnotes":"","_wp_rev_ctl_limit":""},"tags":[],"tribe_events_cat":[],"class_list":["post-12476","tribe_events","type-tribe_events","status-publish","has-post-thumbnail","hentry"],"acf":[],"_links":{"self":[{"href":"https:\/\/thereser.org\/es\/wp-json\/wp\/v2\/tribe_events\/12476","targetHints":{"allow":["GET"]}}],"collection":[{"href":"https:\/\/thereser.org\/es\/wp-json\/wp\/v2\/tribe_events"}],"about":[{"href":"https:\/\/thereser.org\/es\/wp-json\/wp\/v2\/types\/tribe_events"}],"author":[{"embeddable":true,"href":"https:\/\/thereser.org\/es\/wp-json\/wp\/v2\/users\/3"}],"version-history":[{"count":0,"href":"https:\/\/thereser.org\/es\/wp-json\/wp\/v2\/tribe_events\/12476\/revisions"}],"wp:featuredmedia":[{"embeddable":true,"href":"https:\/\/thereser.org\/es\/wp-json\/wp\/v2\/media\/10919"}],"wp:attachment":[{"href":"https:\/\/thereser.org\/es\/wp-json\/wp\/v2\/media?parent=12476"}],"wp:term":[{"taxonomy":"post_tag","embeddable":true,"href":"https:\/\/thereser.org\/es\/wp-json\/wp\/v2\/tags?post=12476"},{"taxonomy":"tribe_events_cat","embeddable":true,"href":"https:\/\/thereser.org\/es\/wp-json\/wp\/v2\/tribe_events_cat?post=12476"}],"curies":[{"name":"wp","href":"https:\/\/api.w.org\/{rel}","templated":true}]}}

<p>Los Bad Plus son los originales por excelencia. Una unidad democrática con una visión clara y que se niega a conformarse con las convenciones. Durante las dos últimas décadas han jugado con espíritu y aventura, han creado sus propias reglas y lo han hecho con un audaz sentido de la creatividad y la intención. Evitando la categorización fácil, The Bad Plus se ha ganado la aclamación de la crítica y una legión de fans en todo el mundo con su sonido único y su talento para las actuaciones en directo.</p>
<p>Ahora en su 21º año, The Bad Plus continúa empujando los límites a medida que los miembros fundadores Reid Anderson (bajo) y Dave King (batería) se embarcan en una nueva encarnación sin piano de la banda con Ben Monder (guitarra) y Chris Speed (saxofón tenor), instigando una nueva ola de emoción y anticipación dentro de la banda que está revitalizando su sonido e inspiración.<br />
The Bad Plus han buscado constantemente tender puentes entre géneros y técnicas mientras exploran las infinitas posibilidades de músicos excepcionales que trabajan en perfecta sincronía.</p>
<p>The Bad Plus lanzará su decimoquinta grabación de estudio y su álbum debut homónimo como nuevo cuarteto dinámico a través de Edition Records el viernes 30 de septiembre.</p>
<p>&#8220;La evolución es necesaria para la vida y la creatividad&#8221;, dicen Dave King y Reid Anderson. &#8220;Hemos evolucionado, pero seguimos siendo El Plus Malo&#8221;.</p>
<p>&nbsp;</p>
<p><iframe loading="lazy" title="The Bad Plus &#039;Motivations II&#039; - Official Trailer" width="500" height="281" src="https://www.youtube.com/embed/ZHDy66qxlg4?feature=oembed" frameborder="0" allow="accelerometer; autoplay; clipboard-write; encrypted-media; gyroscope; picture-in-picture; web-share" referrerpolicy="strict-origin-when-cross-origin" allowfullscreen></iframe></p>

<p>Los Bad Plus son los originales por excelencia. Una unidad democrática con una visión clara y que se niega a conformarse con las convenciones. Durante las dos últimas décadas han&#8230;</p>
