{"id":15179,"date":"2024-08-20T14:26:41","date_gmt":"2024-08-20T21:26:41","guid":{"rendered":"https:\/\/thereser.org\/event\/cuarteto-publi\/"},"modified":"2025-03-11T12:43:57","modified_gmt":"2025-03-11T19:43:57","slug":"cuarteto-publi","status":"publish","type":"tribe_events","link":"https:\/\/thereser.org\/es\/event\/cuarteto-publi\/","title":{"rendered":"Cuarteto PUBLI"},"content":{"rendered":"<p>El galardonado PUBLIQuartet es un cuarteto de cuerda improvisado cuyo repertorio mezcla g\u00e9neros y destaca el multiculturalismo estadounidense. En 2019, obtuvieron el prestigioso premio Visionary Award de Chamber Music America por su enfoque sobresaliente e inventivo de una amplia gama de estilos y g\u00e9neros musicales.<\/p>\n<p>Con su enfoque innovador de la m\u00fasica cl\u00e1sica contempor\u00e1nea, el jazz y la m\u00fasica de c\u00e1mara del mundo, los programas van desde piezas reci\u00e9n encargadas hasta reimaginaciones de obras cl\u00e1sicas.<\/p>\n<p>&#8220;Un resumen perfecto de las tendencias actuales en m\u00fasica de c\u00e1mara&#8221;. El Washington Post<\/p>\n","protected":false},"excerpt":{"rendered":"<p>El galardonado PUBLIQuartet es un cuarteto de cuerda improvisado cuyo repertorio mezcla g\u00e9neros y destaca el multiculturalismo estadounidense. En 2019, obtuvieron el prestigioso premio Visionary Award de Chamber Music America&#8230;<\/p>\n","protected":false},"author":13,"featured_media":15203,"template":"","meta":{"_acf_changed":false,"_monsterinsights_skip_tracking":false,"_monsterinsights_sitenote_active":false,"_monsterinsights_sitenote_note":"","_monsterinsights_sitenote_category":0,"_tribe_events_status":"","_tribe_events_status_reason":"","_tribe_events_is_hybrid":"","_tribe_events_is_virtual":"","_tribe_events_virtual_video_source":"","_tribe_events_virtual_embed_video":"","_tribe_events_virtual_linked_button_text":"","_tribe_events_virtual_linked_button":"","_tribe_events_virtual_show_embed_at":"","_tribe_events_virtual_show_embed_to":[],"_tribe_events_virtual_show_on_event":"","_tribe_events_virtual_show_on_views":"","_tribe_events_virtual_url":"","footnotes":"","_wp_rev_ctl_limit":""},"tags":[77,140],"tribe_events_cat":[76],"class_list":["post-15179","tribe_events","type-tribe_events","status-publish","has-post-thumbnail","hentry","tag-clasico","tag-jazz-es","tribe_events_cat-concierto","cat_concierto"],"acf":[],"_links":{"self":[{"href":"https:\/\/thereser.org\/es\/wp-json\/wp\/v2\/tribe_events\/15179","targetHints":{"allow":["GET"]}}],"collection":[{"href":"https:\/\/thereser.org\/es\/wp-json\/wp\/v2\/tribe_events"}],"about":[{"href":"https:\/\/thereser.org\/es\/wp-json\/wp\/v2\/types\/tribe_events"}],"author":[{"embeddable":true,"href":"https:\/\/thereser.org\/es\/wp-json\/wp\/v2\/users\/13"}],"version-history":[{"count":0,"href":"https:\/\/thereser.org\/es\/wp-json\/wp\/v2\/tribe_events\/15179\/revisions"}],"wp:featuredmedia":[{"embeddable":true,"href":"https:\/\/thereser.org\/es\/wp-json\/wp\/v2\/media\/15203"}],"wp:attachment":[{"href":"https:\/\/thereser.org\/es\/wp-json\/wp\/v2\/media?parent=15179"}],"wp:term":[{"taxonomy":"post_tag","embeddable":true,"href":"https:\/\/thereser.org\/es\/wp-json\/wp\/v2\/tags?post=15179"},{"taxonomy":"tribe_events_cat","embeddable":true,"href":"https:\/\/thereser.org\/es\/wp-json\/wp\/v2\/tribe_events_cat?post=15179"}],"curies":[{"name":"wp","href":"https:\/\/api.w.org\/{rel}","templated":true}]}}

<p>El galardonado PUBLIQuartet es un cuarteto de cuerda improvisado cuyo repertorio mezcla géneros y destaca el multiculturalismo estadounidense. En 2019, obtuvieron el prestigioso premio Visionary Award de Chamber Music America por su enfoque sobresaliente e inventivo de una amplia gama de estilos y géneros musicales.</p>
<p>Con su enfoque innovador de la música clásica contemporánea, el jazz y la música de cámara del mundo, los programas van desde piezas recién encargadas hasta reimaginaciones de obras clásicas.</p>
<p>&#8220;Un resumen perfecto de las tendencias actuales en música de cámara&#8221;. El Washington Post</p>

<p>El galardonado PUBLIQuartet es un cuarteto de cuerda improvisado cuyo repertorio mezcla géneros y destaca el multiculturalismo estadounidense. En 2019, obtuvieron el prestigioso premio Visionary Award de Chamber Music America&#8230;</p>
