{"id":15439,"date":"2024-08-30T08:52:34","date_gmt":"2024-08-30T15:52:34","guid":{"rendered":"https:\/\/thereser.org\/event\/proyecto-origenes-de-oregon-vi-el-nacimiento-de-cascadia-2\/"},"modified":"2024-08-30T09:24:00","modified_gmt":"2024-08-30T16:24:00","slug":"proyecto-origenes-de-oregon-vi-el-nacimiento-de-cascadia-2","status":"publish","type":"tribe_events","link":"https:\/\/thereser.org\/es\/event\/proyecto-origenes-de-oregon-vi-el-nacimiento-de-cascadia-2\/","title":{"rendered":"Proyecto Or\u00edgenes de Oreg\u00f3n VI: El nacimiento de Cascadia"},"content":{"rendered":"<p>Oregon Origins Project, en asociaci\u00f3n con Stelo, presenta una nueva obra \u00e9pica de arte musical y visual que representa los dram\u00e1ticos eventos de la historia geol\u00f3gica de Oreg\u00f3n.<br \/>\n\u00danase a nosotros para una exploraci\u00f3n art\u00edstica de las historias de origen geol\u00f3gico del estado, incluidos los flujos de basalto del r\u00edo Columbia, los terremotos de la cuenca y la cordillera, los volcanes en cascada, las inundaciones de Missoula y mucho m\u00e1s.<br \/>\nMatthew Packwood, compositor Ken Selden, director de orquesta Ian Madin, ge\u00f3logo Artistas visuales: Michael Boonstra Christine Bourdette Claire Burbridge Ka&#8217;ila Farrell-Smith Juniper Harrower James Lavadour Daniela Naomi Molnar Sidony O&#8217;Neal Sara Siestreem Amanda Triplett No te pierdas la exposici\u00f3n de arte complementaria Oregon <b>Origins Project VI: The Birth of Cascadia<\/b> en <a href=\"https:\/\/www.steloarts.org\/\" target=\"_blank\" rel=\"noopener\">Stelo<\/a>, 412 NW 8th Ave en Portland, a la vista del 4 de junio al 15 de julio de 2025.<br \/>\nOregon Origins Project es una iniciativa innovadora de arte y cultura que explora los antiguos or\u00edgenes del estado de Oreg\u00f3n a trav\u00e9s de la expresi\u00f3n creativa.<br \/>\nEl proyecto proporciona una plataforma para que los artistas ind\u00edgenas y los portadores de la cultura compartan sus tradiciones vivas y su trabajo art\u00edstico, y una oportunidad para que los artistas de todas las disciplinas creen nuevas obras inspiradas en los or\u00edgenes del estado.<br \/>\nObtenga m\u00e1s informaci\u00f3n en el <a href=\"https:\/\/www.oregonorigins.org\/\" target=\"_blank\" rel=\"noopener\">sitio web del Proyecto Or\u00edgenes de Oreg\u00f3n<\/a>.       &nbsp;<\/p>\n<h6>Oregon Origins Project VI: The Birth of Cascadia se presenta en asociaci\u00f3n con Stelo y cuenta con el generoso apoyo de Ronni Lacroute, la Galer\u00eda de Arte Douglas F. Cooley Memorial y el Programa de Maestr\u00eda en Artes en Estudios Liberales de Reed College.<br \/>\nApoyo adicional proporcionado por el Consejo de Greater Hells Canyon, Singing Springs Resort y la Coalici\u00f3n Cultural y del Patrimonio del Condado de Wheeler. <\/h6>\n<p>&nbsp;<\/p>\n<h6>James Lavadour, <i>Punto de fuga,<\/i> 2019<\/h6>\n","protected":false},"excerpt":{"rendered":"<p>Oregon Origins Project, en asociaci\u00f3n con Stelo, presenta una nueva obra \u00e9pica de arte musical y visual que representa los dram\u00e1ticos eventos de la historia geol\u00f3gica de Oreg\u00f3n. \u00danase a&#8230;<\/p>\n","protected":false},"author":8,"featured_media":15399,"template":"","meta":{"_acf_changed":false,"_monsterinsights_skip_tracking":false,"_monsterinsights_sitenote_active":false,"_monsterinsights_sitenote_note":"","_monsterinsights_sitenote_category":0,"_tribe_events_status":"","_tribe_events_status_reason":"","_tribe_events_is_hybrid":"","_tribe_events_is_virtual":"","_tribe_events_virtual_video_source":"","_tribe_events_virtual_embed_video":"","_tribe_events_virtual_linked_button_text":"","_tribe_events_virtual_linked_button":"","_tribe_events_virtual_show_embed_at":"","_tribe_events_virtual_show_embed_to":[],"_tribe_events_virtual_show_on_event":"","_tribe_events_virtual_show_on_views":"","_tribe_events_virtual_url":"","footnotes":"","_wp_rev_ctl_limit":""},"tags":[129,77,172],"tribe_events_cat":[76],"class_list":["post-15439","tribe_events","type-tribe_events","status-publish","has-post-thumbnail","hentry","tag-arte","tag-clasico","tag-contemporaneo","tribe_events_cat-concierto","cat_concierto"],"acf":[],"_links":{"self":[{"href":"https:\/\/thereser.org\/es\/wp-json\/wp\/v2\/tribe_events\/15439","targetHints":{"allow":["GET"]}}],"collection":[{"href":"https:\/\/thereser.org\/es\/wp-json\/wp\/v2\/tribe_events"}],"about":[{"href":"https:\/\/thereser.org\/es\/wp-json\/wp\/v2\/types\/tribe_events"}],"author":[{"embeddable":true,"href":"https:\/\/thereser.org\/es\/wp-json\/wp\/v2\/users\/8"}],"version-history":[{"count":0,"href":"https:\/\/thereser.org\/es\/wp-json\/wp\/v2\/tribe_events\/15439\/revisions"}],"wp:featuredmedia":[{"embeddable":true,"href":"https:\/\/thereser.org\/es\/wp-json\/wp\/v2\/media\/15399"}],"wp:attachment":[{"href":"https:\/\/thereser.org\/es\/wp-json\/wp\/v2\/media?parent=15439"}],"wp:term":[{"taxonomy":"post_tag","embeddable":true,"href":"https:\/\/thereser.org\/es\/wp-json\/wp\/v2\/tags?post=15439"},{"taxonomy":"tribe_events_cat","embeddable":true,"href":"https:\/\/thereser.org\/es\/wp-json\/wp\/v2\/tribe_events_cat?post=15439"}],"curies":[{"name":"wp","href":"https:\/\/api.w.org\/{rel}","templated":true}]}}

Proyecto Orígenes de Oregón VI: El nacimiento de Cascadia

<p>Oregon Origins Project, en asociación con Stelo, presenta una nueva obra épica de arte musical y visual que representa los dramáticos eventos de la historia geológica de Oregón.<br />
Únase a nosotros para una exploración artística de las historias de origen geológico del estado, incluidos los flujos de basalto del río Columbia, los terremotos de la cuenca y la cordillera, los volcanes en cascada, las inundaciones de Missoula y mucho más.<br />
Matthew Packwood, compositor Ken Selden, director de orquesta Ian Madin, geólogo Artistas visuales: Michael Boonstra Christine Bourdette Claire Burbridge Ka&#8217;ila Farrell-Smith Juniper Harrower James Lavadour Daniela Naomi Molnar Sidony O&#8217;Neal Sara Siestreem Amanda Triplett No te pierdas la exposición de arte complementaria Oregon <b>Origins Project VI: The Birth of Cascadia</b> en <a href="https://www.steloarts.org/" target="_blank" rel="noopener">Stelo</a>, 412 NW 8th Ave en Portland, a la vista del 4 de junio al 15 de julio de 2025.<br />
Oregon Origins Project es una iniciativa innovadora de arte y cultura que explora los antiguos orígenes del estado de Oregón a través de la expresión creativa.<br />
El proyecto proporciona una plataforma para que los artistas indígenas y los portadores de la cultura compartan sus tradiciones vivas y su trabajo artístico, y una oportunidad para que los artistas de todas las disciplinas creen nuevas obras inspiradas en los orígenes del estado.<br />
Obtenga más información en el <a href="https://www.oregonorigins.org/" target="_blank" rel="noopener">sitio web del Proyecto Orígenes de Oregón</a>.       &nbsp;</p>
<h6>Oregon Origins Project VI: The Birth of Cascadia se presenta en asociación con Stelo y cuenta con el generoso apoyo de Ronni Lacroute, la Galería de Arte Douglas F. Cooley Memorial y el Programa de Maestría en Artes en Estudios Liberales de Reed College.<br />
Apoyo adicional proporcionado por el Consejo de Greater Hells Canyon, Singing Springs Resort y la Coalición Cultural y del Patrimonio del Condado de Wheeler. </h6>
<p>&nbsp;</p>
<h6>James Lavadour, <i>Punto de fuga,</i> 2019</h6>

<p>Oregon Origins Project, en asociación con Stelo, presenta una nueva obra épica de arte musical y visual que representa los dramáticos eventos de la historia geológica de Oregón. Únase a&#8230;</p>
