{"id":16185,"date":"2024-10-22T16:56:41","date_gmt":"2024-10-22T23:56:41","guid":{"rendered":"https:\/\/thereser.org\/event\/altan\/"},"modified":"2025-03-11T13:57:51","modified_gmt":"2025-03-11T20:57:51","slug":"altan","status":"publish","type":"tribe_events","link":"https:\/\/thereser.org\/es\/event\/altan\/","title":{"rendered":"Alt\u00e1n"},"content":{"rendered":"<p><span data-contrast=\"auto\">Con un esp\u00edritu celta extra\u00eddo de las ricas tradiciones musicales de su condado natal de Donegal, Altan actuar\u00e1 el 15 de marzo en The Reser.<\/span><span data-ccp-props=\"{}\"> <\/span><\/p>\n<p><span data-contrast=\"auto\">Formado en el condado de Donegal en 1987 por la vocalista principal Mair\u00e9ad N\u00ed Mhaonaigh y su esposo, el difunto Frankie Kennedy, Altan ha tenido un compromiso inquebrantable de llevar la belleza de la m\u00fasica tradicional, particularmente la de los violinistas y cantantes de Donegal, al p\u00fablico contempor\u00e1neo de una manera que arroja una luz \u00fanica sobre sus cualidades.<\/span><span data-ccp-props=\"{}\"> <\/span><\/p>\n<p><span data-contrast=\"auto\">Los miembros de Altan han cumplido su promesa al viajar con los presidentes irlandeses en visitas de Estado a Jap\u00f3n, Corea del Norte e Italia. Y en 2006, el gobierno irland\u00e9s honr\u00f3 a Altan con un sello postal oficial para celebrar la contribuci\u00f3n del grupo a la cultura irlandesa. <\/span><span data-ccp-props=\"{}\"> <\/span><\/p>\n<p><span data-contrast=\"auto\">El \u00faltimo \u00e1lbum de la banda, &#8220;The Gap of Dreams&#8221;, celebra las ra\u00edces de su m\u00fasica en el folclore de Donegal. El t\u00edtulo se refiere a esa &#8220;brecha&#8221; entre este y el &#8220;otro mundo&#8221;, que los violinistas mayores se\u00f1alaban como la fuente de su m\u00fasica e inspiraci\u00f3n, describiendo po\u00e9ticamente los encuentros con la gente de las hadas o escuchando melod\u00edas en el viento. En la creatividad, la &#8220;brecha de los sue\u00f1os&#8221; nunca se cierra.  <\/span><\/p>\n<p>&nbsp;<\/p>\n<p><iframe loading=\"lazy\" title=\"Altan - \u2018Maggie\u2019s Pancakes\u2019 | The Late Late Show | RT\u00c9 One\" width=\"500\" height=\"281\" src=\"https:\/\/www.youtube.com\/embed\/s04TE7cWZlY?feature=oembed\" frameborder=\"0\" allow=\"accelerometer; autoplay; clipboard-write; encrypted-media; gyroscope; picture-in-picture; web-share\" referrerpolicy=\"strict-origin-when-cross-origin\" allowfullscreen><\/iframe><\/p>\n","protected":false},"excerpt":{"rendered":"<p>Con un esp\u00edritu celta extra\u00eddo de las ricas tradiciones musicales de su condado natal de Donegal, Altan actuar\u00e1 el 15 de marzo en The Reser. Formado en el condado de&#8230;<\/p>\n","protected":false},"author":13,"featured_media":16183,"template":"","meta":{"_acf_changed":false,"_monsterinsights_skip_tracking":false,"_monsterinsights_sitenote_active":false,"_monsterinsights_sitenote_note":"","_monsterinsights_sitenote_category":0,"_tribe_events_status":"","_tribe_events_status_reason":"","_tribe_events_is_hybrid":"","_tribe_events_is_virtual":"","_tribe_events_virtual_video_source":"","_tribe_events_virtual_embed_video":"","_tribe_events_virtual_linked_button_text":"","_tribe_events_virtual_linked_button":"","_tribe_events_virtual_show_embed_at":"","_tribe_events_virtual_show_embed_to":[],"_tribe_events_virtual_show_on_event":"","_tribe_events_virtual_show_on_views":"","_tribe_events_virtual_url":"","footnotes":"","_wp_rev_ctl_limit":""},"tags":[],"tribe_events_cat":[],"class_list":["post-16185","tribe_events","type-tribe_events","status-publish","has-post-thumbnail","hentry"],"acf":[],"_links":{"self":[{"href":"https:\/\/thereser.org\/es\/wp-json\/wp\/v2\/tribe_events\/16185","targetHints":{"allow":["GET"]}}],"collection":[{"href":"https:\/\/thereser.org\/es\/wp-json\/wp\/v2\/tribe_events"}],"about":[{"href":"https:\/\/thereser.org\/es\/wp-json\/wp\/v2\/types\/tribe_events"}],"author":[{"embeddable":true,"href":"https:\/\/thereser.org\/es\/wp-json\/wp\/v2\/users\/13"}],"version-history":[{"count":0,"href":"https:\/\/thereser.org\/es\/wp-json\/wp\/v2\/tribe_events\/16185\/revisions"}],"wp:featuredmedia":[{"embeddable":true,"href":"https:\/\/thereser.org\/es\/wp-json\/wp\/v2\/media\/16183"}],"wp:attachment":[{"href":"https:\/\/thereser.org\/es\/wp-json\/wp\/v2\/media?parent=16185"}],"wp:term":[{"taxonomy":"post_tag","embeddable":true,"href":"https:\/\/thereser.org\/es\/wp-json\/wp\/v2\/tags?post=16185"},{"taxonomy":"tribe_events_cat","embeddable":true,"href":"https:\/\/thereser.org\/es\/wp-json\/wp\/v2\/tribe_events_cat?post=16185"}],"curies":[{"name":"wp","href":"https:\/\/api.w.org\/{rel}","templated":true}]}}

Altán

<p><span data-contrast="auto">Con un espíritu celta extraído de las ricas tradiciones musicales de su condado natal de Donegal, Altan actuará el 15 de marzo en The Reser.</span><span data-ccp-props="{}"> </span></p>
<p><span data-contrast="auto">Formado en el condado de Donegal en 1987 por la vocalista principal Mairéad Ní Mhaonaigh y su esposo, el difunto Frankie Kennedy, Altan ha tenido un compromiso inquebrantable de llevar la belleza de la música tradicional, particularmente la de los violinistas y cantantes de Donegal, al público contemporáneo de una manera que arroja una luz única sobre sus cualidades.</span><span data-ccp-props="{}"> </span></p>
<p><span data-contrast="auto">Los miembros de Altan han cumplido su promesa al viajar con los presidentes irlandeses en visitas de Estado a Japón, Corea del Norte e Italia. Y en 2006, el gobierno irlandés honró a Altan con un sello postal oficial para celebrar la contribución del grupo a la cultura irlandesa. </span><span data-ccp-props="{}"> </span></p>
<p><span data-contrast="auto">El último álbum de la banda, &#8220;The Gap of Dreams&#8221;, celebra las raíces de su música en el folclore de Donegal. El título se refiere a esa &#8220;brecha&#8221; entre este y el &#8220;otro mundo&#8221;, que los violinistas mayores señalaban como la fuente de su música e inspiración, describiendo poéticamente los encuentros con la gente de las hadas o escuchando melodías en el viento. En la creatividad, la &#8220;brecha de los sueños&#8221; nunca se cierra.  </span></p>
<p>&nbsp;</p>
<p><iframe loading="lazy" title="Altan - ‘Maggie’s Pancakes’ | The Late Late Show | RTÉ One" width="500" height="281" src="https://www.youtube.com/embed/s04TE7cWZlY?feature=oembed" frameborder="0" allow="accelerometer; autoplay; clipboard-write; encrypted-media; gyroscope; picture-in-picture; web-share" referrerpolicy="strict-origin-when-cross-origin" allowfullscreen></iframe></p>

<p>Con un espíritu celta extraído de las ricas tradiciones musicales de su condado natal de Donegal, Altan actuará el 15 de marzo en The Reser. Formado en el condado de&#8230;</p>
