{"id":16880,"date":"2024-12-20T09:41:29","date_gmt":"2024-12-20T17:41:29","guid":{"rendered":"https:\/\/thereser.org\/event\/fabulas-y-fantasia-concierto-familiar\/"},"modified":"2025-03-11T13:56:58","modified_gmt":"2025-03-11T20:56:58","slug":"fabulas-y-fantasia-concierto-familiar","status":"publish","type":"tribe_events","link":"https:\/\/thereser.org\/es\/event\/fabulas-y-fantasia-concierto-familiar\/","title":{"rendered":"F\u00e1bulas y Fantas\u00eda: Concierto Familiar"},"content":{"rendered":"<p>El viernes 14 de marzo, el Director Musical Dr. Pierre-Alain Chevalier dirige a la Orquesta Sinf\u00f3nica de Beaverton en una aventura m\u00e1gica. Toda la familia quedar\u00e1 encantada con nuestras f\u00e1bulas y cuentos de hadas: Ravel&#8217;s Mother Goose &#8211; A Family Concert. Este viaje m\u00e1gico a trav\u00e9s de los queridos cuentos de hadas cobra vida gracias a la impresionante m\u00fasica interpretada por la Orquesta Sinf\u00f3nica de Beaverton.  <\/p>\n<p>Este caprichoso espect\u00e1culo presenta una emocionante mezcla de obras atemporales, perfectas para audiencias de todas las edades. Escuche la <em>Obertura de Rossini a La Cenerentola<\/em> (Cenicienta), las cautivadoras selecciones de Tchaikovsky de <em>la Suite de la Bella Durmiente<\/em> y la encantadora <em>Ma M\u00e8re l&#8217;Oye<\/em> (Suite de Mam\u00e1 Oca) de Ravel. Las evocadoras <em>selecciones de Grieg de Peer Gynt Suites Nos. 1 y 2<\/em> te transportar\u00e1n a reinos fant\u00e1sticos, mientras que las v\u00edvidas <em>im\u00e1genes tonales de Humperdinck de La bella durmiente<\/em> a\u00f1aden un toque de drama y maravilla.  <\/p>\n<p>Tanto si eres un ni\u00f1o como si simplemente eres joven de coraz\u00f3n, este concierto te sumergir\u00e1 en un mundo de m\u00fasica, narraci\u00f3n de cuentos e imaginaci\u00f3n m\u00e1gicas. \u00a1No te pierdas esta experiencia inolvidable que celebra la magia de los cuentos de hadas a trav\u00e9s del poder de la m\u00fasica orquestal! <\/p>\n","protected":false},"excerpt":{"rendered":"<p>El viernes 14 de marzo, el Director Musical Dr. Pierre-Alain Chevalier dirige a la Orquesta Sinf\u00f3nica de Beaverton en una aventura m\u00e1gica. Toda la familia quedar\u00e1 encantada con nuestras f\u00e1bulas&#8230;<\/p>\n","protected":false},"author":13,"featured_media":16851,"template":"","meta":{"_acf_changed":false,"_monsterinsights_skip_tracking":false,"_monsterinsights_sitenote_active":false,"_monsterinsights_sitenote_note":"","_monsterinsights_sitenote_category":0,"_tribe_events_status":"","_tribe_events_status_reason":"","_tribe_events_is_hybrid":"","_tribe_events_is_virtual":"","_tribe_events_virtual_video_source":"","_tribe_events_virtual_embed_video":"","_tribe_events_virtual_linked_button_text":"","_tribe_events_virtual_linked_button":"","_tribe_events_virtual_show_embed_at":"","_tribe_events_virtual_show_embed_to":[],"_tribe_events_virtual_show_on_event":"","_tribe_events_virtual_show_on_views":"","_tribe_events_virtual_url":"","footnotes":"","_wp_rev_ctl_limit":""},"tags":[],"tribe_events_cat":[76,78],"class_list":["post-16880","tribe_events","type-tribe_events","status-publish","has-post-thumbnail","hentry","tribe_events_cat-concierto","tribe_events_cat-sinfonia","cat_concierto","cat_sinfonia"],"acf":[],"_links":{"self":[{"href":"https:\/\/thereser.org\/es\/wp-json\/wp\/v2\/tribe_events\/16880","targetHints":{"allow":["GET"]}}],"collection":[{"href":"https:\/\/thereser.org\/es\/wp-json\/wp\/v2\/tribe_events"}],"about":[{"href":"https:\/\/thereser.org\/es\/wp-json\/wp\/v2\/types\/tribe_events"}],"author":[{"embeddable":true,"href":"https:\/\/thereser.org\/es\/wp-json\/wp\/v2\/users\/13"}],"version-history":[{"count":0,"href":"https:\/\/thereser.org\/es\/wp-json\/wp\/v2\/tribe_events\/16880\/revisions"}],"wp:featuredmedia":[{"embeddable":true,"href":"https:\/\/thereser.org\/es\/wp-json\/wp\/v2\/media\/16851"}],"wp:attachment":[{"href":"https:\/\/thereser.org\/es\/wp-json\/wp\/v2\/media?parent=16880"}],"wp:term":[{"taxonomy":"post_tag","embeddable":true,"href":"https:\/\/thereser.org\/es\/wp-json\/wp\/v2\/tags?post=16880"},{"taxonomy":"tribe_events_cat","embeddable":true,"href":"https:\/\/thereser.org\/es\/wp-json\/wp\/v2\/tribe_events_cat?post=16880"}],"curies":[{"name":"wp","href":"https:\/\/api.w.org\/{rel}","templated":true}]}}

Fábulas y Fantasía: Concierto Familiar

<p>El viernes 14 de marzo, el Director Musical Dr. Pierre-Alain Chevalier dirige a la Orquesta Sinfónica de Beaverton en una aventura mágica. Toda la familia quedará encantada con nuestras fábulas y cuentos de hadas: Ravel&#8217;s Mother Goose &#8211; A Family Concert. Este viaje mágico a través de los queridos cuentos de hadas cobra vida gracias a la impresionante música interpretada por la Orquesta Sinfónica de Beaverton.  </p>
<p>Este caprichoso espectáculo presenta una emocionante mezcla de obras atemporales, perfectas para audiencias de todas las edades. Escuche la <em>Obertura de Rossini a La Cenerentola</em> (Cenicienta), las cautivadoras selecciones de Tchaikovsky de <em>la Suite de la Bella Durmiente</em> y la encantadora <em>Ma Mère l&#8217;Oye</em> (Suite de Mamá Oca) de Ravel. Las evocadoras <em>selecciones de Grieg de Peer Gynt Suites Nos. 1 y 2</em> te transportarán a reinos fantásticos, mientras que las vívidas <em>imágenes tonales de Humperdinck de La bella durmiente</em> añaden un toque de drama y maravilla.  </p>
<p>Tanto si eres un niño como si simplemente eres joven de corazón, este concierto te sumergirá en un mundo de música, narración de cuentos e imaginación mágicas. ¡No te pierdas esta experiencia inolvidable que celebra la magia de los cuentos de hadas a través del poder de la música orquestal! </p>

<p>El viernes 14 de marzo, el Director Musical Dr. Pierre-Alain Chevalier dirige a la Orquesta Sinfónica de Beaverton en una aventura mágica. Toda la familia quedará encantada con nuestras fábulas&#8230;</p>
