{"id":17541,"date":"2025-01-23T14:45:35","date_gmt":"2025-01-23T22:45:35","guid":{"rendered":"https:\/\/thereser.org\/event\/concierto-coral-de-la-escuela-secundaria\/"},"modified":"2025-04-16T13:53:43","modified_gmt":"2025-04-16T20:53:43","slug":"concierto-coral-de-la-escuela-secundaria","status":"publish","type":"tribe_events","link":"https:\/\/thereser.org\/es\/event\/concierto-coral-de-la-escuela-secundaria\/","title":{"rendered":"Concierto Coral de la Escuela Secundaria"},"content":{"rendered":"<p>Cinco de las escuelas secundarias integrales del Distrito Escolar de Beaverton combinar\u00e1n fuerzas para presentar un concierto coral con m\u00e1s de 150+ estudiantes de secundaria. Las escuelas actuar\u00e1n individualmente y luego se combinar\u00e1n para estrenar &#8220;Requiem: En recuerdo de los antiguos alumnos&#8221;. <\/p>\n","protected":false},"excerpt":{"rendered":"<p>Cinco de las escuelas secundarias integrales del Distrito Escolar de Beaverton combinar\u00e1n fuerzas para presentar un concierto coral con m\u00e1s de 150+ estudiantes de secundaria. Las escuelas actuar\u00e1n individualmente y&#8230;<\/p>\n","protected":false},"author":13,"featured_media":17537,"template":"","meta":{"_acf_changed":false,"_monsterinsights_skip_tracking":false,"_monsterinsights_sitenote_active":false,"_monsterinsights_sitenote_note":"","_monsterinsights_sitenote_category":0,"_tribe_events_status":"","_tribe_events_status_reason":"","_tribe_events_is_hybrid":"","_tribe_events_is_virtual":"","_tribe_events_virtual_video_source":"","_tribe_events_virtual_embed_video":"","_tribe_events_virtual_linked_button_text":"","_tribe_events_virtual_linked_button":"","_tribe_events_virtual_show_embed_at":"","_tribe_events_virtual_show_embed_to":[],"_tribe_events_virtual_show_on_event":"","_tribe_events_virtual_show_on_views":"","_tribe_events_virtual_url":"","footnotes":"","_wp_rev_ctl_limit":""},"tags":[166],"tribe_events_cat":[76],"class_list":["post-17541","tribe_events","type-tribe_events","status-publish","has-post-thumbnail","hentry","tag-concierto","tribe_events_cat-concierto","cat_concierto"],"acf":[],"_links":{"self":[{"href":"https:\/\/thereser.org\/es\/wp-json\/wp\/v2\/tribe_events\/17541","targetHints":{"allow":["GET"]}}],"collection":[{"href":"https:\/\/thereser.org\/es\/wp-json\/wp\/v2\/tribe_events"}],"about":[{"href":"https:\/\/thereser.org\/es\/wp-json\/wp\/v2\/types\/tribe_events"}],"author":[{"embeddable":true,"href":"https:\/\/thereser.org\/es\/wp-json\/wp\/v2\/users\/13"}],"version-history":[{"count":0,"href":"https:\/\/thereser.org\/es\/wp-json\/wp\/v2\/tribe_events\/17541\/revisions"}],"wp:featuredmedia":[{"embeddable":true,"href":"https:\/\/thereser.org\/es\/wp-json\/wp\/v2\/media\/17537"}],"wp:attachment":[{"href":"https:\/\/thereser.org\/es\/wp-json\/wp\/v2\/media?parent=17541"}],"wp:term":[{"taxonomy":"post_tag","embeddable":true,"href":"https:\/\/thereser.org\/es\/wp-json\/wp\/v2\/tags?post=17541"},{"taxonomy":"tribe_events_cat","embeddable":true,"href":"https:\/\/thereser.org\/es\/wp-json\/wp\/v2\/tribe_events_cat?post=17541"}],"curies":[{"name":"wp","href":"https:\/\/api.w.org\/{rel}","templated":true}]}}

<p>Cinco de las escuelas secundarias integrales del Distrito Escolar de Beaverton combinarán fuerzas para presentar un concierto coral con más de 150+ estudiantes de secundaria. Las escuelas actuarán individualmente y luego se combinarán para estrenar &#8220;Requiem: En recuerdo de los antiguos alumnos&#8221;. </p>

<p>Cinco de las escuelas secundarias integrales del Distrito Escolar de Beaverton combinarán fuerzas para presentar un concierto coral con más de 150+ estudiantes de secundaria. Las escuelas actuarán individualmente y&#8230;</p>
