{"id":18137,"date":"2025-03-08T08:39:14","date_gmt":"2025-03-08T16:39:14","guid":{"rendered":"https:\/\/thereser.org\/event\/celebracion-del-10o-aniversario-de-la-academia-internacional-de-ballet-de-oregon-con-el-primer-trabajo-de-ye-li-y-la-bella-durmiente\/"},"modified":"2025-04-21T14:54:36","modified_gmt":"2025-04-21T21:54:36","slug":"celebracion-del-10o-aniversario-de-la-academia-internacional-de-ballet-de-oregon-con-el-primer-trabajo-de-ye-li-y-la-bella-durmiente","status":"publish","type":"tribe_events","link":"https:\/\/thereser.org\/es\/event\/celebracion-del-10o-aniversario-de-la-academia-internacional-de-ballet-de-oregon-con-el-primer-trabajo-de-ye-li-y-la-bella-durmiente\/","title":{"rendered":"Celebraci\u00f3n del 10\u00ba aniversario de la Academia Internacional de Ballet de Oreg\u00f3n con el primer trabajo de Ye Li y la Bella Durmiente"},"content":{"rendered":"<p>La Bella Durmiente y Nuevos Sue\u00f1os Celebrando una D\u00e9cada de Danza<\/p>\n<p>El desfile de primavera del d\u00e9cimo aniversario de OIBA con la Bella Durmiente y un estreno mundial de Ye Li! \u00danase a nosotros para dar la bienvenida a muchos ex alumnos de OIBA para este evento especial. <\/p>\n","protected":false},"excerpt":{"rendered":"<p>La Bella Durmiente y Nuevos Sue\u00f1os Celebrando una D\u00e9cada de Danza El desfile de primavera del d\u00e9cimo aniversario de OIBA con la Bella Durmiente y un estreno mundial de Ye&#8230;<\/p>\n","protected":false},"author":13,"featured_media":18006,"template":"","meta":{"_acf_changed":false,"_monsterinsights_skip_tracking":false,"_monsterinsights_sitenote_active":false,"_monsterinsights_sitenote_note":"","_monsterinsights_sitenote_category":0,"_tribe_events_status":"","_tribe_events_status_reason":"","_tribe_events_is_hybrid":"","_tribe_events_is_virtual":"","_tribe_events_virtual_video_source":"","_tribe_events_virtual_embed_video":"","_tribe_events_virtual_linked_button_text":"","_tribe_events_virtual_linked_button":"","_tribe_events_virtual_show_embed_at":"","_tribe_events_virtual_show_embed_to":[],"_tribe_events_virtual_show_on_event":"","_tribe_events_virtual_show_on_views":"","_tribe_events_virtual_url":"","footnotes":"","_wp_rev_ctl_limit":""},"tags":[124,123],"tribe_events_cat":[108],"class_list":["post-18137","tribe_events","type-tribe_events","status-publish","has-post-thumbnail","hentry","tag-ballet-es","tag-danza","tribe_events_cat-danza","cat_danza"],"acf":[],"_links":{"self":[{"href":"https:\/\/thereser.org\/es\/wp-json\/wp\/v2\/tribe_events\/18137","targetHints":{"allow":["GET"]}}],"collection":[{"href":"https:\/\/thereser.org\/es\/wp-json\/wp\/v2\/tribe_events"}],"about":[{"href":"https:\/\/thereser.org\/es\/wp-json\/wp\/v2\/types\/tribe_events"}],"author":[{"embeddable":true,"href":"https:\/\/thereser.org\/es\/wp-json\/wp\/v2\/users\/13"}],"version-history":[{"count":0,"href":"https:\/\/thereser.org\/es\/wp-json\/wp\/v2\/tribe_events\/18137\/revisions"}],"wp:featuredmedia":[{"embeddable":true,"href":"https:\/\/thereser.org\/es\/wp-json\/wp\/v2\/media\/18006"}],"wp:attachment":[{"href":"https:\/\/thereser.org\/es\/wp-json\/wp\/v2\/media?parent=18137"}],"wp:term":[{"taxonomy":"post_tag","embeddable":true,"href":"https:\/\/thereser.org\/es\/wp-json\/wp\/v2\/tags?post=18137"},{"taxonomy":"tribe_events_cat","embeddable":true,"href":"https:\/\/thereser.org\/es\/wp-json\/wp\/v2\/tribe_events_cat?post=18137"}],"curies":[{"name":"wp","href":"https:\/\/api.w.org\/{rel}","templated":true}]}}

Celebración del 10º aniversario de la Academia Internacional de Ballet de Oregón con el primer trabajo de Ye Li y la Bella Durmiente

<p>La Bella Durmiente y Nuevos Sueños Celebrando una Década de Danza</p>
<p>El desfile de primavera del décimo aniversario de OIBA con la Bella Durmiente y un estreno mundial de Ye Li! Únase a nosotros para dar la bienvenida a muchos ex alumnos de OIBA para este evento especial. </p>

<p>La Bella Durmiente y Nuevos Sueños Celebrando una Década de Danza El desfile de primavera del décimo aniversario de OIBA con la Bella Durmiente y un estreno mundial de Ye&#8230;</p>
