{"id":20155,"date":"2025-07-16T14:09:03","date_gmt":"2025-07-16T21:09:03","guid":{"rendered":"https:\/\/thereser.org\/event\/karen-slack-reinas-africanas\/"},"modified":"2025-08-07T14:37:06","modified_gmt":"2025-08-07T21:37:06","slug":"karen-slack-reinas-africanas","status":"publish","type":"tribe_events","link":"https:\/\/thereser.org\/es\/event\/karen-slack-reinas-africanas\/","title":{"rendered":"Karen Slack: Reinas africanas"},"content":{"rendered":"<p class=\"p1\">La ganadora del Grammy 2025 y embajadora art\u00edstica de la \u00d3pera de Portland, Karen Slack, trae su celebraci\u00f3n de las hist\u00f3ricas reinas africanas a The Reser. Las nuevas obras de los aclamados compositores Jasmine Barnes, Jessie Montgomery, Shawn Okpebholo, Dave Ragland, Carlos Simon, Joel Thompson y el director musical de la \u00d3pera de Portland, Damien Geter, emocionan junto a piezas cuidadosamente seleccionadas del repertorio tradicional en este cautivador recital vocal. <\/p>\n<p><a href=\"https:\/\/secure.portlandopera.org\/karenslack\/saturday\" target=\"_blank\" rel=\"noopener\">s\u00e1bado, 13 de septiembre de 2025 19:30 hrs.<\/a><br \/>\n<a href=\"https:\/\/secure.portlandopera.org\/karenslack\/sunday\" target=\"_blank\" rel=\"noopener\">domingo, 14 de septiembre de 2025 14:00 hrs.<\/a><\/p>\n","protected":false},"excerpt":{"rendered":"<p>La ganadora del Grammy 2025 y embajadora art\u00edstica de la \u00d3pera de Portland, Karen Slack, trae su celebraci\u00f3n de las hist\u00f3ricas reinas africanas a The Reser. Las nuevas obras de&#8230;<\/p>\n","protected":false},"author":13,"featured_media":20078,"template":"","meta":{"_acf_changed":false,"_monsterinsights_skip_tracking":false,"_monsterinsights_sitenote_active":false,"_monsterinsights_sitenote_note":"","_monsterinsights_sitenote_category":0,"_tribe_events_status":"","_tribe_events_status_reason":"","_tribe_events_is_hybrid":"","_tribe_events_is_virtual":"","_tribe_events_virtual_video_source":"","_tribe_events_virtual_embed_video":"","_tribe_events_virtual_linked_button_text":"","_tribe_events_virtual_linked_button":"","_tribe_events_virtual_show_embed_at":"","_tribe_events_virtual_show_embed_to":[],"_tribe_events_virtual_show_on_event":"","_tribe_events_virtual_show_on_views":"","_tribe_events_virtual_url":"","footnotes":"","_wp_rev_ctl_limit":""},"tags":[166],"tribe_events_cat":[76],"class_list":["post-20155","tribe_events","type-tribe_events","status-publish","has-post-thumbnail","hentry","tag-concierto","tribe_events_cat-concierto","cat_concierto"],"acf":[],"_links":{"self":[{"href":"https:\/\/thereser.org\/es\/wp-json\/wp\/v2\/tribe_events\/20155","targetHints":{"allow":["GET"]}}],"collection":[{"href":"https:\/\/thereser.org\/es\/wp-json\/wp\/v2\/tribe_events"}],"about":[{"href":"https:\/\/thereser.org\/es\/wp-json\/wp\/v2\/types\/tribe_events"}],"author":[{"embeddable":true,"href":"https:\/\/thereser.org\/es\/wp-json\/wp\/v2\/users\/13"}],"version-history":[{"count":0,"href":"https:\/\/thereser.org\/es\/wp-json\/wp\/v2\/tribe_events\/20155\/revisions"}],"wp:featuredmedia":[{"embeddable":true,"href":"https:\/\/thereser.org\/es\/wp-json\/wp\/v2\/media\/20078"}],"wp:attachment":[{"href":"https:\/\/thereser.org\/es\/wp-json\/wp\/v2\/media?parent=20155"}],"wp:term":[{"taxonomy":"post_tag","embeddable":true,"href":"https:\/\/thereser.org\/es\/wp-json\/wp\/v2\/tags?post=20155"},{"taxonomy":"tribe_events_cat","embeddable":true,"href":"https:\/\/thereser.org\/es\/wp-json\/wp\/v2\/tribe_events_cat?post=20155"}],"curies":[{"name":"wp","href":"https:\/\/api.w.org\/{rel}","templated":true}]}}

<p class="p1">La ganadora del Grammy 2025 y embajadora artística de la Ópera de Portland, Karen Slack, trae su celebración de las históricas reinas africanas a The Reser. Las nuevas obras de los aclamados compositores Jasmine Barnes, Jessie Montgomery, Shawn Okpebholo, Dave Ragland, Carlos Simon, Joel Thompson y el director musical de la Ópera de Portland, Damien Geter, emocionan junto a piezas cuidadosamente seleccionadas del repertorio tradicional en este cautivador recital vocal. </p>
<p><a href="https://secure.portlandopera.org/karenslack/saturday" target="_blank" rel="noopener">sábado, 13 de septiembre de 2025 19:30 hrs.</a><br />
<a href="https://secure.portlandopera.org/karenslack/sunday" target="_blank" rel="noopener">domingo, 14 de septiembre de 2025 14:00 hrs.</a></p>

<p>La ganadora del Grammy 2025 y embajadora artística de la Ópera de Portland, Karen Slack, trae su celebración de las históricas reinas africanas a The Reser. Las nuevas obras de&#8230;</p>
