{"id":20739,"date":"2025-08-18T09:11:00","date_gmt":"2025-08-18T16:11:00","guid":{"rendered":"https:\/\/thereser.org\/event\/la-navidad-de-michael-allen-harrison-en-the-reser-2\/"},"modified":"2025-08-18T09:11:00","modified_gmt":"2025-08-18T16:11:00","slug":"la-navidad-de-michael-allen-harrison-en-the-reser-2","status":"publish","type":"tribe_events","link":"https:\/\/thereser.org\/es\/event\/la-navidad-de-michael-allen-harrison-en-the-reser-2\/","title":{"rendered":"La Navidad de Michael Allen Harrison en The Reser"},"content":{"rendered":"<p>Michael&#8217;s Christmas Show es una de las tradiciones m\u00e1s queridas de cada temporada navide\u00f1a.<\/p>\n<p>El espect\u00e1culo es conocido por los bellos, inspiradores e innovadores arreglos navide\u00f1os de Michael, las legendarias voces de la cantante de gospel, blues y jazz Julianne Johnson, los mejores nuevos j\u00f3venes talentos y los ni\u00f1os superdotados de nuestra comunidad. Michael cree que la m\u00fasica de la temporada es una de las mejores m\u00fasicas jam\u00e1s escritas para el mundo que nos une para profundizar nuestra esperanza, compa\u00f1erismo y amor&#8230;<\/p>\n","protected":false},"excerpt":{"rendered":"<p>Michael&#8217;s Christmas Show es una de las tradiciones m\u00e1s queridas de cada temporada navide\u00f1a. El espect\u00e1culo es conocido por los bellos, inspiradores e innovadores arreglos navide\u00f1os de Michael, las legendarias&#8230;<\/p>\n","protected":false},"author":13,"featured_media":20737,"template":"","meta":{"_acf_changed":false,"_monsterinsights_skip_tracking":false,"_monsterinsights_sitenote_active":false,"_monsterinsights_sitenote_note":"","_monsterinsights_sitenote_category":0,"_tribe_events_status":"","_tribe_events_status_reason":"","_tribe_events_is_hybrid":"","_tribe_events_is_virtual":"","_tribe_events_virtual_video_source":"","_tribe_events_virtual_embed_video":"","_tribe_events_virtual_linked_button_text":"","_tribe_events_virtual_linked_button":"","_tribe_events_virtual_show_embed_at":"","_tribe_events_virtual_show_embed_to":[],"_tribe_events_virtual_show_on_event":"","_tribe_events_virtual_show_on_views":"","_tribe_events_virtual_url":"","footnotes":"","_wp_rev_ctl_limit":""},"tags":[166,149],"tribe_events_cat":[76],"class_list":["post-20739","tribe_events","type-tribe_events","status-publish","has-post-thumbnail","hentry","tag-concierto","tag-dia-festivo","tribe_events_cat-concierto","cat_concierto"],"acf":[],"_links":{"self":[{"href":"https:\/\/thereser.org\/es\/wp-json\/wp\/v2\/tribe_events\/20739","targetHints":{"allow":["GET"]}}],"collection":[{"href":"https:\/\/thereser.org\/es\/wp-json\/wp\/v2\/tribe_events"}],"about":[{"href":"https:\/\/thereser.org\/es\/wp-json\/wp\/v2\/types\/tribe_events"}],"author":[{"embeddable":true,"href":"https:\/\/thereser.org\/es\/wp-json\/wp\/v2\/users\/13"}],"version-history":[{"count":0,"href":"https:\/\/thereser.org\/es\/wp-json\/wp\/v2\/tribe_events\/20739\/revisions"}],"wp:featuredmedia":[{"embeddable":true,"href":"https:\/\/thereser.org\/es\/wp-json\/wp\/v2\/media\/20737"}],"wp:attachment":[{"href":"https:\/\/thereser.org\/es\/wp-json\/wp\/v2\/media?parent=20739"}],"wp:term":[{"taxonomy":"post_tag","embeddable":true,"href":"https:\/\/thereser.org\/es\/wp-json\/wp\/v2\/tags?post=20739"},{"taxonomy":"tribe_events_cat","embeddable":true,"href":"https:\/\/thereser.org\/es\/wp-json\/wp\/v2\/tribe_events_cat?post=20739"}],"curies":[{"name":"wp","href":"https:\/\/api.w.org\/{rel}","templated":true}]}}

<p>Michael&#8217;s Christmas Show es una de las tradiciones más queridas de cada temporada navideña.</p>
<p>El espectáculo es conocido por los bellos, inspiradores e innovadores arreglos navideños de Michael, las legendarias voces de la cantante de gospel, blues y jazz Julianne Johnson, los mejores nuevos jóvenes talentos y los niños superdotados de nuestra comunidad. Michael cree que la música de la temporada es una de las mejores músicas jamás escritas para el mundo que nos une para profundizar nuestra esperanza, compañerismo y amor&#8230;</p>

<p>Michael&#8217;s Christmas Show es una de las tradiciones más queridas de cada temporada navideña. El espectáculo es conocido por los bellos, inspiradores e innovadores arreglos navideños de Michael, las legendarias&#8230;</p>
