{"id":21017,"date":"2025-09-09T09:18:53","date_gmt":"2025-09-09T16:18:53","guid":{"rendered":"https:\/\/thereser.org\/event\/celebrando-jovenes-con-vision\/"},"modified":"2025-09-11T13:13:14","modified_gmt":"2025-09-11T20:13:14","slug":"celebrando-jovenes-con-vision","status":"publish","type":"tribe_events","link":"https:\/\/thereser.org\/es\/event\/celebrando-jovenes-con-vision\/","title":{"rendered":"Celebrando J\u00f3venes con Visi\u00f3n"},"content":{"rendered":"<p>\u00a1\u00danase a nosotros para Celebrando J\u00f3venes con Visi\u00f3n, un vibrante evento comunitario que eleva a los j\u00f3venes latinos a trav\u00e9s de la cultura, la visi\u00f3n y la narraci\u00f3n de historias! La celebraci\u00f3n de este a\u00f1o es especialmente significativa ya que la cofundadora y directora ejecutiva Kathryn L\u00f3pez Resto estrena su primer libro para ni\u00f1os, <em>Soy Aut\u00e9ntica<\/em> , la historia de Isabella, una joven latina que aprende a abrazar su identidad con coraje y orgullo, honrando la autenticidad, la resiliencia y la cultura. La noche contar\u00e1 con un espect\u00e1culo de danza tradicional de Huitzilopochtli, una lectura especial de Empower Youth Latinx \u2013 J\u00f3venes Leyendo Juntos, una actuaci\u00f3n de palabra hablada de Marv Media World y una lectura de MJ Calder\u00f3n, <em>autora de A Kids Book About Immigration<\/em>. Los visitantes tambi\u00e9n tendr\u00e1n la oportunidad de ganar premios incre\u00edbles, incluidos boletos de Alaska Airlines a cualquier lugar al que vuelen, asientos laterales para un juego de Rip City Remix, pases OMSI, camisetas \u00fanicas, joyas, arte de artistas latinos y m\u00e1s. Un agradecimiento especial a nuestro patrocinador del evento, la Fundaci\u00f3n Comunitaria de Oreg\u00f3n, y al patrocinador de constructores comunitarios, Oregon Design Specialist LLC.    <\/p>\n<p>Evento GRATUITO con inscripci\u00f3n<\/p>\n","protected":false},"excerpt":{"rendered":"<p>\u00a1\u00danase a nosotros para Celebrando J\u00f3venes con Visi\u00f3n, un vibrante evento comunitario que eleva a los j\u00f3venes latinos a trav\u00e9s de la cultura, la visi\u00f3n y la narraci\u00f3n de historias!&#8230;<\/p>\n","protected":false},"author":13,"featured_media":21006,"template":"","meta":{"_acf_changed":false,"_monsterinsights_skip_tracking":false,"_monsterinsights_sitenote_active":false,"_monsterinsights_sitenote_note":"","_monsterinsights_sitenote_category":0,"_tribe_events_status":"","_tribe_events_status_reason":"","_tribe_events_is_hybrid":"","_tribe_events_is_virtual":"","_tribe_events_virtual_video_source":"","_tribe_events_virtual_embed_video":"","_tribe_events_virtual_linked_button_text":"","_tribe_events_virtual_linked_button":"","_tribe_events_virtual_show_embed_at":"","_tribe_events_virtual_show_embed_to":[],"_tribe_events_virtual_show_on_event":"","_tribe_events_virtual_show_on_views":"","_tribe_events_virtual_url":"","footnotes":"","_wp_rev_ctl_limit":""},"tags":[],"tribe_events_cat":[130],"class_list":["post-21017","tribe_events","type-tribe_events","status-publish","has-post-thumbnail","hentry","tribe_events_cat-comunidad","cat_comunidad"],"acf":[],"_links":{"self":[{"href":"https:\/\/thereser.org\/es\/wp-json\/wp\/v2\/tribe_events\/21017","targetHints":{"allow":["GET"]}}],"collection":[{"href":"https:\/\/thereser.org\/es\/wp-json\/wp\/v2\/tribe_events"}],"about":[{"href":"https:\/\/thereser.org\/es\/wp-json\/wp\/v2\/types\/tribe_events"}],"author":[{"embeddable":true,"href":"https:\/\/thereser.org\/es\/wp-json\/wp\/v2\/users\/13"}],"version-history":[{"count":0,"href":"https:\/\/thereser.org\/es\/wp-json\/wp\/v2\/tribe_events\/21017\/revisions"}],"wp:featuredmedia":[{"embeddable":true,"href":"https:\/\/thereser.org\/es\/wp-json\/wp\/v2\/media\/21006"}],"wp:attachment":[{"href":"https:\/\/thereser.org\/es\/wp-json\/wp\/v2\/media?parent=21017"}],"wp:term":[{"taxonomy":"post_tag","embeddable":true,"href":"https:\/\/thereser.org\/es\/wp-json\/wp\/v2\/tags?post=21017"},{"taxonomy":"tribe_events_cat","embeddable":true,"href":"https:\/\/thereser.org\/es\/wp-json\/wp\/v2\/tribe_events_cat?post=21017"}],"curies":[{"name":"wp","href":"https:\/\/api.w.org\/{rel}","templated":true}]}}

Celebrando Jóvenes con Visión

<p>¡Únase a nosotros para Celebrando Jóvenes con Visión, un vibrante evento comunitario que eleva a los jóvenes latinos a través de la cultura, la visión y la narración de historias! La celebración de este año es especialmente significativa ya que la cofundadora y directora ejecutiva Kathryn López Resto estrena su primer libro para niños, <em>Soy Auténtica</em> , la historia de Isabella, una joven latina que aprende a abrazar su identidad con coraje y orgullo, honrando la autenticidad, la resiliencia y la cultura. La noche contará con un espectáculo de danza tradicional de Huitzilopochtli, una lectura especial de Empower Youth Latinx – Jóvenes Leyendo Juntos, una actuación de palabra hablada de Marv Media World y una lectura de MJ Calderón, <em>autora de A Kids Book About Immigration</em>. Los visitantes también tendrán la oportunidad de ganar premios increíbles, incluidos boletos de Alaska Airlines a cualquier lugar al que vuelen, asientos laterales para un juego de Rip City Remix, pases OMSI, camisetas únicas, joyas, arte de artistas latinos y más. Un agradecimiento especial a nuestro patrocinador del evento, la Fundación Comunitaria de Oregón, y al patrocinador de constructores comunitarios, Oregon Design Specialist LLC.    </p>
<p>Evento GRATUITO con inscripción</p>

<p>¡Únase a nosotros para Celebrando Jóvenes con Visión, un vibrante evento comunitario que eleva a los jóvenes latinos a través de la cultura, la visión y la narración de historias!&#8230;</p>
