{"id":21147,"date":"2025-09-12T11:41:20","date_gmt":"2025-09-12T18:41:20","guid":{"rendered":"https:\/\/thereser.org\/event\/concierto-comunitario-de-apertura-de-temporada\/"},"modified":"2025-09-12T11:41:20","modified_gmt":"2025-09-12T18:41:20","slug":"concierto-comunitario-de-apertura-de-temporada","status":"publish","type":"tribe_events","link":"https:\/\/thereser.org\/es\/event\/concierto-comunitario-de-apertura-de-temporada\/","title":{"rendered":"Concierto comunitario de apertura de temporada"},"content":{"rendered":"<p>\u00danase a la Sinf\u00f3nica Juvenil Metropolitana para un concierto comunitario especial, con los siguientes conjuntos de MYS:<br \/>\nPortland Overture Strings<br \/>\nInterlude Orchestra Portland<br \/>\nChamber Strings<br \/>\nSinfonietta Orchestra<br \/>\nSymphonic Wind Ensemble<\/p>\n<p>Acerca de MYS: Durante cincuenta a\u00f1os, la Sinf\u00f3nica Juvenil Metropolitana ha celebrado su misi\u00f3n de educar, desarrollar y promover a los j\u00f3venes m\u00fasicos (de 6 a 18 a\u00f1os) en todos los niveles musicales y de todos los or\u00edgenes. Con una de las programaciones m\u00e1s completas del pa\u00eds, MYS atiende a 400+ estudiantes de 142 escuelas en 15 conjuntos de orquesta, vientos, jazz, cuerdas y percusi\u00f3n. Junto con lecciones gratuitas de cuerdas para principiantes, asistencia para la matr\u00edcula, instrumentos prestados y conciertos en la escuela en las escuelas de T\u00edtulo 1, MYS est\u00e1 impulsado por un compromiso fundamental de hacer que la educaci\u00f3n musical sea accesible para todos.  <\/p>\n","protected":false},"excerpt":{"rendered":"<p>\u00danase a la Sinf\u00f3nica Juvenil Metropolitana para un concierto comunitario especial, con los siguientes conjuntos de MYS: Portland Overture Strings Interlude Orchestra Portland Chamber Strings Sinfonietta Orchestra Symphonic Wind Ensemble&#8230;<\/p>\n","protected":false},"author":13,"featured_media":21143,"template":"","meta":{"_acf_changed":false,"_monsterinsights_skip_tracking":false,"_monsterinsights_sitenote_active":false,"_monsterinsights_sitenote_note":"","_monsterinsights_sitenote_category":0,"_tribe_events_status":"","_tribe_events_status_reason":"","_tribe_events_is_hybrid":"","_tribe_events_is_virtual":"","_tribe_events_virtual_video_source":"","_tribe_events_virtual_embed_video":"","_tribe_events_virtual_linked_button_text":"","_tribe_events_virtual_linked_button":"","_tribe_events_virtual_show_embed_at":"","_tribe_events_virtual_show_embed_to":[],"_tribe_events_virtual_show_on_event":"","_tribe_events_virtual_show_on_views":"","_tribe_events_virtual_url":"","footnotes":"","_wp_rev_ctl_limit":""},"tags":[77,166,185],"tribe_events_cat":[76],"class_list":["post-21147","tribe_events","type-tribe_events","status-publish","has-post-thumbnail","hentry","tag-clasico","tag-concierto","tag-orquesta","tribe_events_cat-concierto","cat_concierto"],"acf":[],"_links":{"self":[{"href":"https:\/\/thereser.org\/es\/wp-json\/wp\/v2\/tribe_events\/21147","targetHints":{"allow":["GET"]}}],"collection":[{"href":"https:\/\/thereser.org\/es\/wp-json\/wp\/v2\/tribe_events"}],"about":[{"href":"https:\/\/thereser.org\/es\/wp-json\/wp\/v2\/types\/tribe_events"}],"author":[{"embeddable":true,"href":"https:\/\/thereser.org\/es\/wp-json\/wp\/v2\/users\/13"}],"version-history":[{"count":0,"href":"https:\/\/thereser.org\/es\/wp-json\/wp\/v2\/tribe_events\/21147\/revisions"}],"wp:featuredmedia":[{"embeddable":true,"href":"https:\/\/thereser.org\/es\/wp-json\/wp\/v2\/media\/21143"}],"wp:attachment":[{"href":"https:\/\/thereser.org\/es\/wp-json\/wp\/v2\/media?parent=21147"}],"wp:term":[{"taxonomy":"post_tag","embeddable":true,"href":"https:\/\/thereser.org\/es\/wp-json\/wp\/v2\/tags?post=21147"},{"taxonomy":"tribe_events_cat","embeddable":true,"href":"https:\/\/thereser.org\/es\/wp-json\/wp\/v2\/tribe_events_cat?post=21147"}],"curies":[{"name":"wp","href":"https:\/\/api.w.org\/{rel}","templated":true}]}}

<p>Únase a la Sinfónica Juvenil Metropolitana para un concierto comunitario especial, con los siguientes conjuntos de MYS:<br />
Portland Overture Strings<br />
Interlude Orchestra Portland<br />
Chamber Strings<br />
Sinfonietta Orchestra<br />
Symphonic Wind Ensemble</p>
<p>Acerca de MYS: Durante cincuenta años, la Sinfónica Juvenil Metropolitana ha celebrado su misión de educar, desarrollar y promover a los jóvenes músicos (de 6 a 18 años) en todos los niveles musicales y de todos los orígenes. Con una de las programaciones más completas del país, MYS atiende a 400+ estudiantes de 142 escuelas en 15 conjuntos de orquesta, vientos, jazz, cuerdas y percusión. Junto con lecciones gratuitas de cuerdas para principiantes, asistencia para la matrícula, instrumentos prestados y conciertos en la escuela en las escuelas de Título 1, MYS está impulsado por un compromiso fundamental de hacer que la educación musical sea accesible para todos.  </p>

<p>Únase a la Sinfónica Juvenil Metropolitana para un concierto comunitario especial, con los siguientes conjuntos de MYS: Portland Overture Strings Interlude Orchestra Portland Chamber Strings Sinfonietta Orchestra Symphonic Wind Ensemble&#8230;</p>
