{"id":21493,"date":"2025-10-31T14:25:29","date_gmt":"2025-10-31T21:25:29","guid":{"rendered":"https:\/\/thereser.org\/event\/concierto-de-invierno-de-la-camerata\/"},"modified":"2025-11-03T09:07:20","modified_gmt":"2025-11-03T17:07:20","slug":"concierto-de-invierno-de-la-camerata","status":"publish","type":"tribe_events","link":"https:\/\/thereser.org\/es\/event\/concierto-de-invierno-de-la-camerata\/","title":{"rendered":"Concierto de Invierno de la Camerata"},"content":{"rendered":"<p>Joaqu\u00edn Turina \u2013 <i>Rapsodia Sinf\u00f3nica<\/i><br \/>\n<i>Pies. Elija Wilson, piano<\/i><\/p>\n<p>Aleksandr Glazunov \u2013 <i>Concierto para saxof\u00f3n en mi bemol mayor, op. 109<\/i><br \/>\n<i>Pies. Jacob Peizner, saxof\u00f3n<\/i><\/p>\n<p>Henryk Wieniawski \u2013 <i>Polonesa de concierto n.\u00ba 1 en re mayor, op. 4<\/i><br \/>\n<i>Pies. Kaylee no, viol\u00edn<\/i><\/p>\n<p>Aaron Copland \u2013 <i>Tres bocetos latinoamericanos<\/i><\/p>\n<p>W. A. Mozart \u2013 <i>Sinfon\u00eda n.\u00ba 28, K200<\/i><\/p>\n<p>El Concierto de Invierno de la Camerata PEP destaca a tres destacados estudiantes solistas y una mezcla de obras animadas y basadas en personajes. El pianista Elija Wilson interpreta la <g id=\"gid_0\">Rapsodia Sinf\u00f3nica<\/g> de Joaqu\u00edn Turina, mezclando ritmos de danza espa\u00f1ola con energ\u00eda rom\u00e1ntica. El saxofonista Jacob Peizner sube al escenario para el <g id=\"gid_1\">Concierto en mi bemol mayor<\/g> de Glazunov, una piedra angular del repertorio del saxof\u00f3n. La violinista Kaylee no interpreta la <g id=\"gid_2\">Polonesa de concierto No. 1 de<\/g> Wieniawski, llena de brillantez t\u00e9cnica y temas audaces. El programa tambi\u00e9n incluye <i>Tres bocetos latinoamericanos<\/i> de Copland y la <i>Sinfon\u00eda No. 28<\/i> de Mozart, equilibrando el color vibrante con la claridad cl\u00e1sica.    <\/p>\n","protected":false},"excerpt":{"rendered":"<p>Joaqu\u00edn Turina \u2013 Rapsodia Sinf\u00f3nica Pies. Elija Wilson, piano Aleksandr Glazunov \u2013 Concierto para saxof\u00f3n en mi bemol mayor, op. 109 Pies. Jacob Peizner, saxof\u00f3n Henryk Wieniawski \u2013 Polonesa de&#8230;<\/p>\n","protected":false},"author":13,"featured_media":21446,"template":"","meta":{"_acf_changed":false,"_monsterinsights_skip_tracking":false,"_monsterinsights_sitenote_active":false,"_monsterinsights_sitenote_note":"","_monsterinsights_sitenote_category":0,"_tribe_events_status":"","_tribe_events_status_reason":"","_tribe_events_is_hybrid":"","_tribe_events_is_virtual":"","_tribe_events_virtual_video_source":"","_tribe_events_virtual_embed_video":"","_tribe_events_virtual_linked_button_text":"","_tribe_events_virtual_linked_button":"","_tribe_events_virtual_show_embed_at":"","_tribe_events_virtual_show_embed_to":[],"_tribe_events_virtual_show_on_event":"","_tribe_events_virtual_show_on_views":"","_tribe_events_virtual_url":"","footnotes":"","_wp_rev_ctl_limit":""},"tags":[166,185],"tribe_events_cat":[76],"class_list":["post-21493","tribe_events","type-tribe_events","status-publish","has-post-thumbnail","hentry","tag-concierto","tag-orquesta","tribe_events_cat-concierto","cat_concierto"],"acf":[],"_links":{"self":[{"href":"https:\/\/thereser.org\/es\/wp-json\/wp\/v2\/tribe_events\/21493","targetHints":{"allow":["GET"]}}],"collection":[{"href":"https:\/\/thereser.org\/es\/wp-json\/wp\/v2\/tribe_events"}],"about":[{"href":"https:\/\/thereser.org\/es\/wp-json\/wp\/v2\/types\/tribe_events"}],"author":[{"embeddable":true,"href":"https:\/\/thereser.org\/es\/wp-json\/wp\/v2\/users\/13"}],"version-history":[{"count":0,"href":"https:\/\/thereser.org\/es\/wp-json\/wp\/v2\/tribe_events\/21493\/revisions"}],"wp:featuredmedia":[{"embeddable":true,"href":"https:\/\/thereser.org\/es\/wp-json\/wp\/v2\/media\/21446"}],"wp:attachment":[{"href":"https:\/\/thereser.org\/es\/wp-json\/wp\/v2\/media?parent=21493"}],"wp:term":[{"taxonomy":"post_tag","embeddable":true,"href":"https:\/\/thereser.org\/es\/wp-json\/wp\/v2\/tags?post=21493"},{"taxonomy":"tribe_events_cat","embeddable":true,"href":"https:\/\/thereser.org\/es\/wp-json\/wp\/v2\/tribe_events_cat?post=21493"}],"curies":[{"name":"wp","href":"https:\/\/api.w.org\/{rel}","templated":true}]}}

<p>Joaquín Turina – <i>Rapsodia Sinfónica</i><br />
<i>Pies. Elija Wilson, piano</i></p>
<p>Aleksandr Glazunov – <i>Concierto para saxofón en mi bemol mayor, op. 109</i><br />
<i>Pies. Jacob Peizner, saxofón</i></p>
<p>Henryk Wieniawski – <i>Polonesa de concierto n.º 1 en re mayor, op. 4</i><br />
<i>Pies. Kaylee no, violín</i></p>
<p>Aaron Copland – <i>Tres bocetos latinoamericanos</i></p>
<p>W. A. Mozart – <i>Sinfonía n.º 28, K200</i></p>
<p>El Concierto de Invierno de la Camerata PEP destaca a tres destacados estudiantes solistas y una mezcla de obras animadas y basadas en personajes. El pianista Elija Wilson interpreta la <g id="gid_0">Rapsodia Sinfónica</g> de Joaquín Turina, mezclando ritmos de danza española con energía romántica. El saxofonista Jacob Peizner sube al escenario para el <g id="gid_1">Concierto en mi bemol mayor</g> de Glazunov, una piedra angular del repertorio del saxofón. La violinista Kaylee no interpreta la <g id="gid_2">Polonesa de concierto No. 1 de</g> Wieniawski, llena de brillantez técnica y temas audaces. El programa también incluye <i>Tres bocetos latinoamericanos</i> de Copland y la <i>Sinfonía No. 28</i> de Mozart, equilibrando el color vibrante con la claridad clásica.    </p>

<p>Joaquín Turina – Rapsodia Sinfónica Pies. Elija Wilson, piano Aleksandr Glazunov – Concierto para saxofón en mi bemol mayor, op. 109 Pies. Jacob Peizner, saxofón Henryk Wieniawski – Polonesa de&#8230;</p>
